Last updated on 2022-06-30 09:52:40 CEST.
Flavor | Version | Tinstall | Tcheck | Ttotal | Status | Flags |
---|---|---|---|---|---|---|
r-devel-linux-x86_64-debian-clang | 1.3.12 | 9.75 | 95.86 | 105.61 | OK | |
r-devel-linux-x86_64-debian-gcc | 1.3.12 | 9.60 | 73.47 | 83.07 | OK | |
r-devel-linux-x86_64-fedora-clang | 1.3.12 | 137.36 | NOTE | |||
r-devel-linux-x86_64-fedora-gcc | 1.3.12 | 138.49 | OK | |||
r-devel-windows-x86_64 | 1.3.12 | 32.00 | 116.00 | 148.00 | OK | |
r-patched-linux-x86_64 | 1.3.12 | 11.66 | 93.99 | 105.65 | OK | |
r-release-linux-x86_64 | 1.3.12 | 8.17 | 92.87 | 101.04 | OK | |
r-release-macos-arm64 | 1.3.12 | 35.00 | OK | |||
r-release-macos-x86_64 | 1.3.12 | 55.00 | NOTE | |||
r-release-windows-x86_64 | 1.3.12 | 38.00 | 120.00 | 158.00 | OK | |
r-oldrel-macos-arm64 | 1.3.12 | 46.00 | NOTE | |||
r-oldrel-macos-x86_64 | 1.3.12 | 78.00 | OK | |||
r-oldrel-windows-ix86+x86_64 | 1.3.12 | 24.00 | 110.00 | 134.00 | OK |
Version: 1.3.12
Check: Rd cross-references
Result: NOTE
Undeclared package ‘mvtnorm’ in Rd xrefs
Flavor: r-devel-linux-x86_64-fedora-clang
Version: 1.3.12
Check: package dependencies
Result: NOTE
Package suggested but not available for checking: ‘R2jags’
Flavors: r-release-macos-x86_64, r-oldrel-macos-arm64