CRAN Package Check Results for Package eirm

Last updated on 2022-09-29 09:55:30 CEST.

Flavor Version Tinstall Tcheck Ttotal Status Flags
r-devel-linux-x86_64-debian-clang 0.5 13.69 148.35 162.04 OK
r-devel-linux-x86_64-debian-gcc 0.5 10.23 110.27 120.50 OK
r-devel-linux-x86_64-fedora-clang 0.5 216.10 NOTE
r-devel-linux-x86_64-fedora-gcc 0.5 208.49 OK
r-devel-windows-x86_64 0.5 20.00 173.00 193.00 OK
r-patched-linux-x86_64 0.5 11.60 140.84 152.44 OK
r-release-linux-x86_64 0.5 10.37 139.42 149.79 OK
r-release-macos-arm64 0.5 60.00 OK
r-release-macos-x86_64 0.5 93.00 OK
r-release-windows-x86_64 0.5 17.00 174.00 191.00 OK
r-oldrel-macos-arm64 0.5 54.00 OK
r-oldrel-macos-x86_64 0.5 79.00 OK
r-oldrel-windows-ix86+x86_64 0.5 32.00 176.00 208.00 OK

Check Details

Version: 0.5
Check: Rd cross-references
Result: NOTE
    Undeclared package ‘eRm’ in Rd xrefs
Flavor: r-devel-linux-x86_64-fedora-clang