CRAN Package Check Results for Package ecr

Last updated on 2020-04-10 09:53:11 CEST.

Flavor Version Tinstall Tcheck Ttotal Status Flags
r-devel-linux-x86_64-debian-clang 2.1.0 11.44 71.32 82.76 OK
r-devel-linux-x86_64-debian-gcc 2.1.0 9.61 54.70 64.31 OK
r-devel-linux-x86_64-fedora-clang 2.1.0 99.91 OK
r-devel-linux-x86_64-fedora-gcc 2.1.0 100.41 OK
r-devel-windows-ix86+x86_64 2.1.0 40.00 102.00 142.00 OK
r-devel-windows-ix86+x86_64-gcc8 2.1.0 32.00 107.00 139.00 OK
r-patched-linux-x86_64 2.1.0 12.08 68.84 80.92 OK
r-patched-osx-x86_64 2.1.0 WARN
r-patched-solaris-x86 2.1.0 144.70 OK
r-release-linux-x86_64 2.1.0 9.16 63.52 72.68 OK
r-release-windows-ix86+x86_64 2.1.0 32.00 200.00 232.00 OK
r-release-osx-x86_64 2.1.0 OK
r-oldrel-windows-ix86+x86_64 2.1.0 39.00 112.00 151.00 OK
r-oldrel-osx-x86_64 2.1.0 OK

Check Details

Version: 2.1.0
Check: re-building of vignette outputs
Result: WARN
    Error(s) in re-building vignettes:
     ...
    --- re-building ‘introduction.Rmd’ using rmarkdown
    dyld: lazy symbol binding failed: Symbol not found: ____chkstk_darwin
     Referenced from: /usr/local/bin/pandoc (which was built for Mac OS X 10.15)
     Expected in: /usr/lib/libSystem.B.dylib
    
    dyld: Symbol not found: ____chkstk_darwin
     Referenced from: /usr/local/bin/pandoc (which was built for Mac OS X 10.15)
     Expected in: /usr/lib/libSystem.B.dylib
    
    Error: processing vignette 'introduction.Rmd' failed with diagnostics:
    pandoc document conversion failed with error 6
    --- failed re-building ‘introduction.Rmd’
    
    SUMMARY: processing the following file failed:
     ‘introduction.Rmd’
    
    Error: Vignette re-building failed.
    Execution halted
Flavor: r-patched-osx-x86_64