CRAN Package Check Results for Package ecotox

Last updated on 2020-08-13 09:48:53 CEST.

Flavor Version Tinstall Tcheck Ttotal Status Flags
r-devel-linux-x86_64-debian-clang 1.4.2 3.55 34.61 38.16 NOTE
r-devel-linux-x86_64-debian-gcc 1.4.2 2.51 26.59 29.10 OK
r-devel-linux-x86_64-fedora-clang 1.4.2 53.63 OK
r-devel-linux-x86_64-fedora-gcc 1.4.2 44.00 OK
r-devel-windows-ix86+x86_64 1.4.2 11.00 44.00 55.00 OK
r-patched-linux-x86_64 1.4.2 3.95 34.27 38.22 OK
r-patched-solaris-x86 1.4.2 67.60 OK
r-release-linux-x86_64 1.4.2 2.84 33.94 36.78 NOTE
r-release-macos-x86_64 1.4.2 OK
r-release-windows-ix86+x86_64 1.4.2 14.00 67.00 81.00 OK
r-oldrel-macos-x86_64 1.4.2 OK
r-oldrel-windows-ix86+x86_64 1.4.2 6.00 42.00 48.00 OK

Check Details

Version: 1.4.2
Check: package dependencies
Result: NOTE
    Package suggested but not available for checking: 'tidyr'
Flavors: r-devel-linux-x86_64-debian-clang, r-release-linux-x86_64