Last updated on 2023-02-05 09:57:14 CET.
Flavor | Version | Tinstall | Tcheck | Ttotal | Status | Flags |
---|---|---|---|---|---|---|
r-devel-linux-x86_64-debian-clang | 0.20.0 | 11.59 | 150.46 | 162.05 | NOTE | |
r-devel-linux-x86_64-debian-gcc | 0.20.0 | 5.85 | 107.09 | 112.94 | NOTE | |
r-devel-linux-x86_64-fedora-clang | 0.20.0 | 190.02 | NOTE | |||
r-devel-linux-x86_64-fedora-gcc | 0.20.0 | 192.97 | NOTE | |||
r-devel-windows-x86_64 | 0.20.0 | 84.00 | 214.00 | 298.00 | NOTE | |
r-patched-linux-x86_64 | 0.20.0 | 10.06 | 136.70 | 146.76 | OK | |
r-release-linux-x86_64 | 0.20.0 | 6.63 | 125.22 | 131.85 | OK | |
r-release-macos-arm64 | 0.20.0 | 52.00 | OK | |||
r-release-macos-x86_64 | 0.20.0 | 70.00 | OK | |||
r-release-windows-x86_64 | 0.20.0 | 119.00 | 211.00 | 330.00 | OK | |
r-oldrel-macos-arm64 | 0.20.0 | 49.00 | OK | |||
r-oldrel-macos-x86_64 | 0.20.0 | 81.00 | OK | |||
r-oldrel-windows-ix86+x86_64 | 0.20.0 | 17.00 | 183.00 | 200.00 | OK |
Version: 0.20.0
Check: package subdirectories
Result: NOTE
Problems with news in ‘NEWS.md’:
Cannot extract version info from the following section titles:
breaking changes
major changes
minor changes
Internal
Flavors: r-devel-linux-x86_64-debian-clang, r-devel-linux-x86_64-debian-gcc, r-devel-linux-x86_64-fedora-clang, r-devel-linux-x86_64-fedora-gcc, r-devel-windows-x86_64