Last updated on 2024-04-18 10:49:46 CEST.
Flavor | Version | Tinstall | Tcheck | Ttotal | Status | Flags |
---|---|---|---|---|---|---|
r-devel-linux-x86_64-debian-clang | 1.1.0 | 9.04 | 173.95 | 182.99 | NOTE | |
r-devel-linux-x86_64-debian-gcc | 1.1.0 | 8.62 | 123.17 | 131.79 | NOTE | |
r-devel-linux-x86_64-fedora-clang | 1.1.0 | 224.24 | NOTE | |||
r-devel-linux-x86_64-fedora-gcc | 1.1.0 | 228.69 | NOTE | |||
r-prerel-macos-arm64 | 1.1.0 | 71.00 | NOTE | |||
r-prerel-windows-x86_64 | 1.1.0 | 11.00 | 148.00 | 159.00 | NOTE | |
r-patched-linux-x86_64 | 1.1.0 | 11.54 | 160.00 | 171.54 | NOTE | |
r-release-linux-x86_64 | 1.1.0 | 6.55 | 164.67 | 171.22 | OK | |
r-release-macos-arm64 | 1.1.0 | 73.00 | OK | |||
r-release-macos-x86_64 | 1.1.0 | 183.00 | OK | |||
r-release-windows-x86_64 | 1.1.0 | 15.00 | 185.00 | 200.00 | OK | |
r-oldrel-macos-arm64 | 1.1.0 | 65.00 | OK | |||
r-oldrel-windows-x86_64 | 1.1.0 | 13.00 | 175.00 | 188.00 | OK |
Version: 1.1.0
Check: Rd files
Result: NOTE
checkRd: (-1) write_spss.Rd:31: Lost braces in \itemize; meant \describe ?
checkRd: (-1) write_spss.Rd:32-33: Lost braces in \itemize; meant \describe ?
checkRd: (-1) write_spss.Rd:34: Lost braces in \itemize; meant \describe ?
checkRd: (-1) write_spss.Rd:35-40: Lost braces in \itemize; meant \describe ?
checkRd: (-1) write_spss.Rd:45: Lost braces in \itemize; meant \describe ?
checkRd: (-1) write_spss.Rd:46: Lost braces in \itemize; meant \describe ?
Flavors: r-devel-linux-x86_64-debian-clang, r-devel-linux-x86_64-debian-gcc, r-devel-linux-x86_64-fedora-clang, r-devel-linux-x86_64-fedora-gcc, r-prerel-macos-arm64, r-prerel-windows-x86_64, r-patched-linux-x86_64