CRAN Package Check Results for Package easylabel

Last updated on 2022-09-29 09:55:30 CEST.

Flavor Version Tinstall Tcheck Ttotal Status Flags
r-devel-linux-x86_64-debian-clang 0.2.4 13.19 107.63 120.82 OK
r-devel-linux-x86_64-debian-gcc 0.2.4 9.78 77.94 87.72 OK
r-devel-linux-x86_64-fedora-clang 0.2.4 155.25 OK
r-devel-linux-x86_64-fedora-gcc 0.2.4 146.71 OK
r-devel-windows-x86_64 0.2.4 18.00 148.00 166.00 OK
r-patched-linux-x86_64 0.2.4 11.01 98.60 109.61 OK
r-release-linux-x86_64 0.2.4 11.30 98.36 109.66 OK
r-release-macos-arm64 0.2.4 42.00 NOTE
r-release-macos-x86_64 0.2.4 64.00 OK
r-release-windows-x86_64 0.2.4 27.00 139.00 166.00 OK
r-oldrel-macos-arm64 0.2.4 49.00 OK
r-oldrel-macos-x86_64 0.2.4 54.00 NOTE
r-oldrel-windows-ix86+x86_64 0.2.4 26.00 128.00 154.00 OK

Check Details

Version: 0.2.4
Check: package dependencies
Result: NOTE
    Packages suggested but not available for checking:
     'AnnotationDbi', 'org.Hs.eg.db', 'qvalue'
Flavor: r-release-macos-arm64

Version: 0.2.4
Check: Rd cross-references
Result: NOTE
    Package unavailable to check Rd xrefs: ‘AnnotationDbi’
Flavor: r-release-macos-arm64

Version: 0.2.4
Check: package dependencies
Result: NOTE
    Package suggested but not available for checking: ‘org.Hs.eg.db’
Flavor: r-oldrel-macos-x86_64