CRAN Package Check Results for Package earth

Last updated on 2020-08-05 10:05:56 CEST.

Flavor Version Tinstall Tcheck Ttotal Status Flags
r-devel-linux-x86_64-debian-clang 5.1.2 19.39 85.67 105.06 OK
r-devel-linux-x86_64-debian-gcc 5.1.2 14.63 63.22 77.85 OK
r-devel-linux-x86_64-fedora-clang 5.1.2 129.32 NOTE
r-devel-linux-x86_64-fedora-gcc 5.1.2 121.87 OK
r-devel-windows-ix86+x86_64 5.1.2 42.00 98.00 140.00 OK
r-patched-linux-x86_64 5.1.2 17.79 84.42 102.21 OK
r-patched-solaris-x86 5.1.2 144.90 OK
r-release-linux-x86_64 5.1.2 17.60 84.57 102.17 OK
r-release-macos-x86_64 5.1.2 OK
r-release-windows-ix86+x86_64 5.1.2 42.00 141.00 183.00 OK
r-oldrel-macos-x86_64 5.1.2 OK
r-oldrel-windows-ix86+x86_64 5.1.2 30.00 114.00 144.00 OK

Check Details

Version: 5.1.2
Check: Rd cross-references
Result: NOTE
    Undeclared package ‘leaps’ in Rd xrefs
Flavor: r-devel-linux-x86_64-fedora-clang