Last updated on 2024-05-11 09:51:18 CEST.
Flavor | Version | Tinstall | Tcheck | Ttotal | Status | Flags |
---|---|---|---|---|---|---|
r-devel-linux-x86_64-debian-clang | 0.0.5 | 5.37 | 77.31 | 82.68 | NOTE | |
r-devel-linux-x86_64-debian-gcc | 0.0.5 | 4.82 | 57.88 | 62.70 | NOTE | |
r-devel-linux-x86_64-fedora-clang | 0.0.5 | 109.37 | NOTE | |||
r-devel-linux-x86_64-fedora-gcc | 0.0.5 | 151.17 | NOTE | |||
r-devel-windows-x86_64 | 0.0.5 | 8.00 | 72.00 | 80.00 | NOTE | |
r-patched-linux-x86_64 | 0.0.5 | 3.90 | 75.79 | 79.69 | NOTE | |
r-release-linux-x86_64 | 0.0.5 | 3.89 | 73.71 | 77.60 | NOTE | |
r-release-macos-arm64 | 0.0.5 | 38.00 | NOTE | |||
r-release-windows-x86_64 | 0.0.5 | 8.00 | 73.00 | 81.00 | NOTE | |
r-oldrel-macos-arm64 | 0.0.5 | 38.00 | NOTE | |||
r-oldrel-macos-x86_64 | 0.0.5 | 54.00 | NOTE | |||
r-oldrel-windows-x86_64 | 0.0.5 | 8.00 | 84.00 | 92.00 | NOTE |
Version: 0.0.5
Check: Rd files
Result: NOTE
checkRd: (-1) plot.earlyR.Rd:34-46: Lost braces
34 | if (require(incidence)) {
| ^
Flavors: r-devel-linux-x86_64-debian-clang, r-devel-linux-x86_64-debian-gcc, r-devel-linux-x86_64-fedora-clang, r-devel-linux-x86_64-fedora-gcc, r-devel-windows-x86_64, r-patched-linux-x86_64, r-release-linux-x86_64, r-release-macos-arm64, r-release-windows-x86_64
Version: 0.0.5
Check: LazyData
Result: NOTE
'LazyData' is specified without a 'data' directory
Flavors: r-devel-linux-x86_64-debian-clang, r-devel-linux-x86_64-debian-gcc, r-devel-linux-x86_64-fedora-clang, r-devel-linux-x86_64-fedora-gcc, r-devel-windows-x86_64, r-patched-linux-x86_64, r-release-linux-x86_64, r-release-macos-arm64, r-release-windows-x86_64, r-oldrel-macos-arm64, r-oldrel-macos-x86_64, r-oldrel-windows-x86_64