Last updated on 2024-03-28 10:49:32 CET.
Flavor | Version | Tinstall | Tcheck | Ttotal | Status | Flags |
---|---|---|---|---|---|---|
r-devel-linux-x86_64-debian-clang | 1.0.0 | 4.81 | 87.63 | 92.44 | NOTE | |
r-devel-linux-x86_64-debian-gcc | 1.0.0 | 4.70 | 65.85 | 70.55 | NOTE | |
r-devel-linux-x86_64-fedora-clang | 1.0.0 | 115.61 | NOTE | |||
r-devel-linux-x86_64-fedora-gcc | 1.0.0 | 129.87 | NOTE | |||
r-devel-windows-x86_64 | 1.0.0 | 5.00 | 134.00 | 139.00 | NOTE | |
r-patched-linux-x86_64 | 1.0.0 | 3.93 | 84.22 | 88.15 | NOTE | |
r-release-linux-x86_64 | 1.0.0 | 6.26 | 80.22 | 86.48 | NOTE | |
r-release-macos-arm64 | 1.0.0 | 49.00 | NOTE | |||
r-release-macos-x86_64 | 1.0.0 | 108.00 | NOTE | |||
r-release-windows-x86_64 | 1.0.0 | 6.00 | 141.00 | 147.00 | NOTE | |
r-oldrel-macos-arm64 | 1.0.0 | 48.00 | NOTE | |||
r-oldrel-windows-x86_64 | 1.0.0 | 7.00 | 138.00 | 145.00 | NOTE |
Version: 1.0.0
Check: LazyData
Result: NOTE
'LazyData' is specified without a 'data' directory
Flavors: r-devel-linux-x86_64-debian-clang, r-devel-linux-x86_64-debian-gcc, r-devel-linux-x86_64-fedora-clang, r-devel-linux-x86_64-fedora-gcc, r-devel-windows-x86_64, r-patched-linux-x86_64, r-release-linux-x86_64, r-release-macos-arm64, r-release-macos-x86_64, r-release-windows-x86_64, r-oldrel-macos-arm64, r-oldrel-windows-x86_64