CRAN Package Check Results for Package dynwrap

Last updated on 2021-02-24 10:50:04 CET.

Flavor Version Tinstall Tcheck Ttotal Status Flags
r-devel-linux-x86_64-debian-clang 1.2.1 13.57 393.65 407.22 OK
r-devel-linux-x86_64-debian-gcc 1.2.1 10.96 292.99 303.95 OK
r-devel-linux-x86_64-fedora-clang 1.2.1 502.20 OK
r-devel-linux-x86_64-fedora-gcc 1.2.1 506.53 OK
r-devel-windows-ix86+x86_64 1.2.1 27.00 338.00 365.00 OK
r-patched-linux-x86_64 1.2.1 15.72 383.37 399.09 OK
r-patched-solaris-x86 1.2.1 689.60 OK
r-release-linux-x86_64 1.2.1 15.12 381.83 396.95 OK
r-release-macos-x86_64 1.2.1 OK
r-release-windows-ix86+x86_64 1.2.1 36.00 479.00 515.00 OK
r-oldrel-macos-x86_64 1.2.1 ERROR
r-oldrel-windows-ix86+x86_64 1.2.1 19.00 347.00 366.00 OK

Check Details

Version: 1.2.1
Check: package dependencies
Result: NOTE
    Package suggested but not available for checking: ‘dyndimred’
Flavor: r-oldrel-macos-x86_64

Version: 1.2.1
Check: Rd cross-references
Result: NOTE
    Package unavailable to check Rd xrefs: ‘dyndimred’
Flavor: r-oldrel-macos-x86_64

Version: 1.2.1
Check: tests
Result: ERROR
     Running ‘testthat.R’ [145s/143s]
    Running the tests in ‘tests/testthat.R’ failed.
    Last 13 lines of output:
     Backtrace:
     █
     1. ├─dynwrap::get_dimred(wr_withdimred, dimred = dyndimred::dimred_pca) test-wrap_add_dimred.R:278:2
     2. └─dyndimred::dimred_pca
     3. └─base::getExportedValue(pkg, name)
     4. └─base::asNamespace(ns)
     5. └─base::getNamespace(ns)
     6. └─base::loadNamespace(name)
     7. └─base::withRestarts(stop(cond), retry_loadNamespace = function() NULL)
     8. └─base:::withOneRestart(expr, restarts[[1L]])
     9. └─base:::doWithOneRestart(return(expr), restart)
    
     [ FAIL 2 | WARN 1 | SKIP 1 | PASS 1408 ]
     Error: Test failures
     Execution halted
Flavor: r-oldrel-macos-x86_64