CRAN Package Check Results for Package dynfrail

Last updated on 2020-08-10 10:02:59 CEST.

Flavor Version Tinstall Tcheck Ttotal Status Flags
r-devel-linux-x86_64-debian-clang 0.5.2 40.12 286.27 326.39 NOTE
r-devel-linux-x86_64-debian-gcc 0.5.2 28.47 208.36 236.83 NOTE
r-devel-linux-x86_64-fedora-clang 0.5.2 395.06 NOTE
r-devel-linux-x86_64-fedora-gcc 0.5.2 380.11 NOTE
r-devel-windows-ix86+x86_64 0.5.2 80.00 480.00 560.00 NOTE
r-patched-linux-x86_64 0.5.2 31.31 277.03 308.34 NOTE
r-patched-solaris-x86 0.5.2 548.60 OK
r-release-linux-x86_64 0.5.2 32.27 279.13 311.40 NOTE
r-release-macos-x86_64 0.5.2 OK
r-release-windows-ix86+x86_64 0.5.2 108.00 475.00 583.00 NOTE
r-oldrel-macos-x86_64 0.5.2 OK
r-oldrel-windows-ix86+x86_64 0.5.2 70.00 377.00 447.00 OK

Check Details

Version: 0.5.2
Check: use of SHLIB_OPENMP_*FLAGS in Makefiles
Result: NOTE
     src/Makevars: SHLIB_OPENMP_CXXFLAGS is included in PKG_CXXFLAGS but not in PKG_LIBS
     src/Makevars: SHLIB_OPENMP_CFLAGS is included in PKG_LIBS but linking is by C++
     src/Makevars.win: SHLIB_OPENMP_CXXFLAGS is included in PKG_CXXFLAGS but not in PKG_LIBS
     src/Makevars.win: SHLIB_OPENMP_CFLAGS is included in PKG_LIBS but linking is by C++
    Use of these macros is discussed in sect 1.2.1.1 of 'Writing R
    Extensions'. The macros for different languages may differ so the
    matching macro must be used in PKG_CXXFLAGS (etc) and match that used
    in PKG_LIBS (except for Fortran: see the manual).
Flavors: r-devel-linux-x86_64-debian-clang, r-devel-linux-x86_64-debian-gcc, r-devel-linux-x86_64-fedora-clang, r-devel-linux-x86_64-fedora-gcc, r-patched-linux-x86_64, r-release-linux-x86_64

Version: 0.5.2
Check: package vignettes
Result: NOTE
    Package vignette with placeholder title 'Vignette Title':
     'vignette.Rmd'
Flavors: r-devel-linux-x86_64-debian-clang, r-devel-linux-x86_64-debian-gcc, r-devel-windows-ix86+x86_64, r-patched-linux-x86_64, r-release-linux-x86_64, r-release-windows-ix86+x86_64