CRAN Package Check Results for Package dyndimred

Last updated on 2022-06-30 09:52:40 CEST.

Flavor Version Tinstall Tcheck Ttotal Status Flags
r-devel-linux-x86_64-debian-clang 1.0.4 10.07 131.00 141.07 NOTE
r-devel-linux-x86_64-debian-gcc 1.0.4 9.78 98.94 108.72 NOTE
r-devel-linux-x86_64-fedora-clang 1.0.4 182.27 NOTE
r-devel-linux-x86_64-fedora-gcc 1.0.4 187.33 NOTE
r-devel-windows-x86_64 1.0.4 21.00 195.00 216.00 NOTE
r-patched-linux-x86_64 1.0.4 8.56 126.98 135.54 NOTE
r-release-linux-x86_64 1.0.4 9.70 126.46 136.16 NOTE
r-release-macos-arm64 1.0.4 77.00 NOTE
r-release-macos-x86_64 1.0.4 189.00 NOTE
r-release-windows-x86_64 1.0.4 24.00 205.00 229.00 NOTE
r-oldrel-macos-arm64 1.0.4 83.00 NOTE
r-oldrel-macos-x86_64 1.0.4 169.00 NOTE
r-oldrel-windows-ix86+x86_64 1.0.4 26.00 207.00 233.00 NOTE

Check Details

Version: 1.0.4
Check: package dependencies
Result: NOTE
    Package suggested but not available for checking: 'lle'
Flavors: r-devel-linux-x86_64-debian-clang, r-devel-linux-x86_64-debian-gcc, r-devel-linux-x86_64-fedora-clang, r-devel-linux-x86_64-fedora-gcc, r-patched-linux-x86_64, r-release-linux-x86_64

Version: 1.0.4
Check: LazyData
Result: NOTE
     'LazyData' is specified without a 'data' directory
Flavors: r-devel-linux-x86_64-debian-clang, r-devel-linux-x86_64-debian-gcc, r-devel-linux-x86_64-fedora-clang, r-devel-linux-x86_64-fedora-gcc, r-devel-windows-x86_64, r-patched-linux-x86_64, r-release-linux-x86_64, r-release-macos-arm64, r-release-macos-x86_64, r-release-windows-x86_64, r-oldrel-macos-arm64, r-oldrel-macos-x86_64, r-oldrel-windows-ix86+x86_64