Last updated on 2024-04-19 10:57:23 CEST.
Flavor | Version | Tinstall | Tcheck | Ttotal | Status | Flags |
---|---|---|---|---|---|---|
r-devel-linux-x86_64-debian-clang | 1.2-16 | 17.96 | 64.94 | 82.90 | NOTE | |
r-devel-linux-x86_64-debian-gcc | 1.2-16 | NOTE | ||||
r-devel-linux-x86_64-fedora-clang | 1.2-16 | 105.76 | NOTE | |||
r-devel-linux-x86_64-fedora-gcc | 1.2-16 | 101.43 | NOTE | |||
r-prerel-macos-arm64 | 1.2-16 | 31.00 | NOTE | |||
r-prerel-windows-x86_64 | 1.2-16 | 18.00 | 82.00 | 100.00 | NOTE | |
r-patched-linux-x86_64 | 1.2-16 | 16.35 | 61.48 | 77.83 | NOTE | |
r-release-linux-x86_64 | 1.2-16 | 15.10 | 62.45 | 77.55 | OK | |
r-release-macos-arm64 | 1.2-16 | 34.00 | OK | |||
r-release-macos-x86_64 | 1.2-16 | 85.00 | OK | |||
r-release-windows-x86_64 | 1.2-16 | 19.00 | 90.00 | 109.00 | OK | |
r-oldrel-macos-arm64 | 1.2-16 | 34.00 | OK | |||
r-oldrel-windows-x86_64 | 1.2-16 | 21.00 | 97.00 | 118.00 | OK |
Version: 1.2-16
Check: Rd files
Result: NOTE
checkRd: (-1) predict.dynaTree.Rd:107: Lost braces
107 | For \code{coef} a new \R{XXc} field is created so as not to trample
| ^
Flavors: r-devel-linux-x86_64-debian-clang, r-devel-linux-x86_64-debian-gcc, r-devel-linux-x86_64-fedora-clang, r-devel-linux-x86_64-fedora-gcc, r-prerel-macos-arm64, r-prerel-windows-x86_64, r-patched-linux-x86_64