CRAN Package Check Results for Package dynaSpec

Last updated on 2022-09-29 09:55:30 CEST.

Flavor Version Tinstall Tcheck Ttotal Status Flags
r-devel-linux-x86_64-debian-clang 1.0.1 4.09 31.79 35.88 OK
r-devel-linux-x86_64-debian-gcc 1.0.1 3.32 24.76 28.08 OK
r-devel-linux-x86_64-fedora-clang 1.0.1 57.47 NOTE
r-devel-linux-x86_64-fedora-gcc 1.0.1 52.98 NOTE
r-devel-windows-x86_64 1.0.1 14.00 59.00 73.00 OK
r-patched-linux-x86_64 1.0.1 3.02 30.85 33.87 OK
r-release-linux-x86_64 1.0.1 2.79 30.38 33.17 OK
r-release-macos-arm64 1.0.1 20.00 NOTE
r-release-macos-x86_64 1.0.1 26.00 NOTE
r-release-windows-x86_64 1.0.1 23.00 63.00 86.00 OK
r-oldrel-macos-arm64 1.0.1 21.00 NOTE
r-oldrel-macos-x86_64 1.0.1 31.00 NOTE
r-oldrel-windows-ix86+x86_64 1.0.1 12.00 56.00 68.00 OK

Check Details

Version: 1.0.1
Check: dependencies in R code
Result: NOTE
    Namespaces in Imports field not imported from:
     ‘NatureSounds’ ‘av’ ‘magrittr’ ‘stats’
     All declared Imports should be used.
Flavors: r-devel-linux-x86_64-fedora-clang, r-devel-linux-x86_64-fedora-gcc, r-release-macos-arm64, r-release-macos-x86_64, r-oldrel-macos-arm64, r-oldrel-macos-x86_64

Version: 1.0.1
Check: Rd cross-references
Result: NOTE
    Undeclared package ‘warbleR’ in Rd xrefs
Flavor: r-devel-linux-x86_64-fedora-clang