CRAN Package Check Results for Package duckduckr

Last updated on 2023-01-29 11:07:32 CET.

Flavor Version Tinstall Tcheck Ttotal Status Flags
r-devel-linux-x86_64-debian-clang 1.0.0 1.58 21.57 23.15 NOTE
r-devel-linux-x86_64-debian-gcc 1.0.0 1.27 17.94 19.21 NOTE
r-devel-linux-x86_64-fedora-clang 1.0.0 31.50 NOTE
r-devel-linux-x86_64-fedora-gcc 1.0.0 30.90 NOTE
r-devel-windows-x86_64 1.0.0 27.00 61.00 88.00 NOTE
r-patched-linux-x86_64 1.0.0 2.09 23.16 25.25 NOTE
r-release-linux-x86_64 1.0.0 1.99 23.15 25.14 NOTE
r-release-macos-arm64 1.0.0 15.00 NOTE
r-release-macos-x86_64 1.0.0 22.00 NOTE
r-release-windows-x86_64 1.0.0 10.00 63.00 73.00 NOTE
r-oldrel-macos-arm64 1.0.0 34.00 NOTE
r-oldrel-macos-x86_64 1.0.0 27.00 NOTE
r-oldrel-windows-ix86+x86_64 1.0.0 5.00 49.00 54.00 NOTE

Check Details

Version: 1.0.0
Check: LazyData
Result: NOTE
     'LazyData' is specified without a 'data' directory
Flavors: r-devel-linux-x86_64-debian-clang, r-devel-linux-x86_64-debian-gcc, r-devel-linux-x86_64-fedora-clang, r-devel-linux-x86_64-fedora-gcc, r-devel-windows-x86_64, r-patched-linux-x86_64, r-release-linux-x86_64, r-release-macos-arm64, r-release-macos-x86_64, r-release-windows-x86_64, r-oldrel-macos-arm64, r-oldrel-macos-x86_64, r-oldrel-windows-ix86+x86_64