Last updated on 2024-04-19 10:57:23 CEST.
Flavor | Version | Tinstall | Tcheck | Ttotal | Status | Flags |
---|---|---|---|---|---|---|
r-devel-linux-x86_64-debian-clang | 0.6.7 | 3.27 | 39.64 | 42.91 | OK | |
r-devel-linux-x86_64-debian-gcc | 0.6.7 | OK | ||||
r-devel-linux-x86_64-fedora-clang | 0.6.7 | 54.61 | NOTE | |||
r-devel-linux-x86_64-fedora-gcc | 0.6.7 | 64.82 | NOTE | |||
r-prerel-macos-arm64 | 0.6.7 | 27.00 | OK | |||
r-prerel-windows-x86_64 | 0.6.7 | 4.00 | 52.00 | 56.00 | OK | |
r-patched-linux-x86_64 | 0.6.7 | 3.37 | 36.88 | 40.25 | OK | |
r-release-linux-x86_64 | 0.6.7 | 1.78 | 36.81 | 38.59 | OK | |
r-release-macos-arm64 | 0.6.7 | 30.00 | OK | |||
r-release-macos-x86_64 | 0.6.7 | 41.00 | OK | |||
r-release-windows-x86_64 | 0.6.7 | 5.00 | 55.00 | 60.00 | OK | |
r-oldrel-macos-arm64 | 0.6.7 | 22.00 | NOTE | |||
r-oldrel-windows-x86_64 | 0.6.7 | 4.00 | 59.00 | 63.00 | OK |
Version: 0.6.7
Check: dependencies in R code
Result: NOTE
Namespaces in Imports field not imported from:
‘digest’ ‘dplyr’
All declared Imports should be used.
Flavors: r-devel-linux-x86_64-fedora-clang, r-devel-linux-x86_64-fedora-gcc, r-oldrel-macos-arm64