CRAN Package Check Results for Package drawsample

Last updated on 2022-09-28 09:54:17 CEST.

Flavor Version Tinstall Tcheck Ttotal Status Flags
r-devel-linux-x86_64-debian-clang 1.0.1 14.30 132.03 146.33 OK
r-devel-linux-x86_64-debian-gcc 1.0.1 11.67 95.96 107.63 OK
r-devel-linux-x86_64-fedora-clang 1.0.1 181.13 NOTE
r-devel-linux-x86_64-fedora-gcc 1.0.1 179.20 OK
r-devel-windows-x86_64 1.0.1 25.00 133.00 158.00 OK
r-patched-linux-x86_64 1.0.1 12.70 123.76 136.46 OK
r-release-linux-x86_64 1.0.1 13.23 121.75 134.98 OK
r-release-macos-arm64 1.0.1 49.00 OK
r-release-macos-x86_64 1.0.1 64.00 OK
r-release-windows-x86_64 1.0.1 21.00 144.00 165.00 OK
r-oldrel-macos-arm64 1.0.1 52.00 OK
r-oldrel-macos-x86_64 1.0.1 68.00 OK
r-oldrel-windows-ix86+x86_64 1.0.1 28.00 151.00 179.00 OK

Check Details

Version: 1.0.1
Check: Rd cross-references
Result: NOTE
    Undeclared package ‘SimMultiCorrData’ in Rd xrefs
Flavor: r-devel-linux-x86_64-fedora-clang