Last updated on 2024-04-23 10:54:01 CEST.
Flavor | Version | Tinstall | Tcheck | Ttotal | Status | Flags |
---|---|---|---|---|---|---|
r-devel-linux-x86_64-debian-clang | 0.3.1 | 2.73 | 37.46 | 40.19 | NOTE | |
r-devel-linux-x86_64-debian-gcc | 0.3.1 | 3.16 | 29.61 | 32.77 | NOTE | |
r-devel-linux-x86_64-fedora-clang | 0.3.1 | 52.71 | NOTE | |||
r-devel-linux-x86_64-fedora-gcc | 0.3.1 | 50.37 | NOTE | |||
r-prerel-macos-arm64 | 0.3.1 | 21.00 | NOTE | |||
r-prerel-windows-x86_64 | 0.3.1 | 6.00 | 50.00 | 56.00 | NOTE | |
r-patched-linux-x86_64 | 0.3.1 | 3.25 | 36.35 | 39.60 | NOTE | |
r-release-linux-x86_64 | 0.3.1 | 3.85 | 37.33 | 41.18 | NOTE | |
r-release-macos-arm64 | 0.3.1 | 21.00 | NOTE | |||
r-release-macos-x86_64 | 0.3.1 | 32.00 | NOTE | |||
r-release-windows-x86_64 | 0.3.1 | 6.00 | 53.00 | 59.00 | NOTE | |
r-oldrel-macos-arm64 | 0.3.1 | 18.00 | NOTE | |||
r-oldrel-windows-x86_64 | 0.3.1 | 6.00 | 60.00 | 66.00 | NOTE |
Version: 0.3.1
Check: LazyData
Result: NOTE
'LazyData' is specified without a 'data' directory
Flavors: r-devel-linux-x86_64-debian-clang, r-devel-linux-x86_64-debian-gcc, r-devel-linux-x86_64-fedora-clang, r-devel-linux-x86_64-fedora-gcc, r-prerel-macos-arm64, r-prerel-windows-x86_64, r-patched-linux-x86_64, r-release-linux-x86_64, r-release-macos-arm64, r-release-macos-x86_64, r-release-windows-x86_64, r-oldrel-macos-arm64, r-oldrel-windows-x86_64