Last updated on 2023-01-28 10:51:25 CET.
Flavor | Version | Tinstall | Tcheck | Ttotal | Status | Flags |
---|---|---|---|---|---|---|
r-devel-linux-x86_64-debian-clang | 0.0.2 | 7.03 | 130.03 | 137.06 | OK | |
r-devel-linux-x86_64-debian-gcc | 0.0.2 | 5.68 | 95.58 | 101.26 | OK | |
r-devel-linux-x86_64-fedora-clang | 0.0.2 | 170.76 | NOTE | |||
r-devel-linux-x86_64-fedora-gcc | 0.0.2 | 178.29 | NOTE | |||
r-devel-windows-x86_64 | 0.0.2 | 19.00 | 166.00 | 185.00 | OK | |
r-patched-linux-x86_64 | 0.0.2 | 7.55 | 123.51 | 131.06 | OK | |
r-release-linux-x86_64 | 0.0.2 | 6.76 | 127.62 | 134.38 | OK | |
r-release-macos-arm64 | 0.0.2 | 51.00 | NOTE | |||
r-release-macos-x86_64 | 0.0.2 | 72.00 | NOTE | |||
r-release-windows-x86_64 | 0.0.2 | 23.00 | 194.00 | 217.00 | OK | |
r-oldrel-macos-arm64 | 0.0.2 | 49.00 | NOTE | |||
r-oldrel-macos-x86_64 | 0.0.2 | 70.00 | NOTE | |||
r-oldrel-windows-ix86+x86_64 | 0.0.2 | 18.00 | 184.00 | 202.00 | OK |
Version: 0.0.2
Check: data for non-ASCII characters
Result: NOTE
Note: found 2 marked UTF-8 strings
Flavors: r-devel-linux-x86_64-fedora-clang, r-devel-linux-x86_64-fedora-gcc, r-release-macos-arm64, r-release-macos-x86_64, r-oldrel-macos-arm64, r-oldrel-macos-x86_64