CRAN Package Check Results for Package doolkit

Last updated on 2023-02-05 09:57:14 CET.

Flavor Version Tinstall Tcheck Ttotal Status Flags
r-devel-linux-x86_64-debian-clang 1.42.1 11.94 106.07 118.01 WARN
r-devel-linux-x86_64-debian-gcc 1.42.1 9.49 74.77 84.26 WARN
r-devel-linux-x86_64-fedora-clang 1.42.1 147.53 WARN
r-devel-linux-x86_64-fedora-gcc 1.42.1 143.43 WARN
r-devel-windows-x86_64 1.42.1 26.00 176.00 202.00 WARN
r-patched-linux-x86_64 1.42.1 11.00 103.14 114.14 WARN
r-release-linux-x86_64 1.42.1 9.13 102.56 111.69 WARN
r-release-macos-arm64 1.42.1 222.00 NOTE
r-release-macos-x86_64 1.42.1 403.00 NOTE
r-release-windows-x86_64 1.42.1 34.00 183.00 217.00 WARN
r-oldrel-macos-arm64 1.42.1 230.00 NOTE
r-oldrel-macos-x86_64 1.42.1 373.00 NOTE
r-oldrel-windows-ix86+x86_64 1.42.1 21.00 145.00 166.00 WARN

Additional issues

M1mac

Check Details

Version: 1.42.1
Check: examples
Result: WARN
    Found the following significant warnings:
    
     Warning: 'rgl::rgl.clear' is deprecated.
     Warning: 'rgl::rgl.clear' is deprecated.
     Warning: 'rgl::rgl.clear' is deprecated.
     Warning: 'rgl::rgl.clear' is deprecated.
     Warning: 'rgl::rgl.clear' is deprecated.
     Warning: 'rgl::rgl.clear' is deprecated.
     Warning: 'rgl::rgl.clear' is deprecated.
     Warning: 'rgl::rgl.clear' is deprecated.
     Warning: 'rgl::rgl.clear' is deprecated.
     Warning: 'rgl::rgl.clear' is deprecated.
     Warning: 'rgl::rgl.clear' is deprecated.
     Warning: 'rgl::rgl.clear' is deprecated.
     Warning: 'rgl::rgl.clear' is deprecated.
     Warning: 'rgl::rgl.clear' is deprecated.
     Warning: 'rgl::rgl.clear' is deprecated.
     Warning: 'rgl::rgl.clear' is deprecated.
     Warning: 'rgl::rgl.clear' is deprecated.
     Warning: 'rgl::rgl.clear' is deprecated.
     Warning: 'rgl::rgl.clear' is deprecated.
     Warning: 'rgl::rgl.clear' is deprecated.
     Warning: 'rgl::rgl.clear' is deprecated.
     Warning: 'rgl::rgl.clear' is deprecated.
     Warning: 'rgl::rgl.clear' is deprecated.
     Warning: 'rgl::rgl.clear' is deprecated.
     Warning: 'rgl::rgl.clear' is deprecated.
     Warning: 'rgl::rgl.clear' is deprecated.
     Warning: 'rgl::rgl.clear' is deprecated.
    Deprecated functions may be defunct as soon as of the next release of
    R.
    See ?Deprecated.
    Examples with CPU (user + system) or elapsed time > 5s
     user system elapsed
    poly.network 9.372 0.042 9.606
    dkmap 7.861 0.091 7.477
    angularity 6.487 0.321 7.691
    dne 6.607 0.012 6.949
    dkcrop 6.172 0.147 5.938
    oedist 5.028 0.152 5.425
Flavor: r-devel-linux-x86_64-debian-clang

Version: 1.42.1
Check: examples
Result: WARN
    Found the following significant warnings:
    
     Warning: 'rgl::rgl.clear' is deprecated.
     Warning: 'rgl::rgl.clear' is deprecated.
     Warning: 'rgl::rgl.clear' is deprecated.
     Warning: 'rgl::rgl.clear' is deprecated.
     Warning: 'rgl::rgl.clear' is deprecated.
     Warning: 'rgl::rgl.clear' is deprecated.
     Warning: 'rgl::rgl.clear' is deprecated.
     Warning: 'rgl::rgl.clear' is deprecated.
     Warning: 'rgl::rgl.clear' is deprecated.
     Warning: 'rgl::rgl.clear' is deprecated.
     Warning: 'rgl::rgl.clear' is deprecated.
     Warning: 'rgl::rgl.clear' is deprecated.
     Warning: 'rgl::rgl.clear' is deprecated.
     Warning: 'rgl::rgl.clear' is deprecated.
     Warning: 'rgl::rgl.clear' is deprecated.
     Warning: 'rgl::rgl.clear' is deprecated.
     Warning: 'rgl::rgl.clear' is deprecated.
     Warning: 'rgl::rgl.clear' is deprecated.
     Warning: 'rgl::rgl.clear' is deprecated.
     Warning: 'rgl::rgl.clear' is deprecated.
     Warning: 'rgl::rgl.clear' is deprecated.
     Warning: 'rgl::rgl.clear' is deprecated.
     Warning: 'rgl::rgl.clear' is deprecated.
     Warning: 'rgl::rgl.clear' is deprecated.
     Warning: 'rgl::rgl.clear' is deprecated.
     Warning: 'rgl::rgl.clear' is deprecated.
     Warning: 'rgl::rgl.clear' is deprecated.
    Deprecated functions may be defunct as soon as of the next release of
    R.
    See ?Deprecated.
    Examples with CPU (user + system) or elapsed time > 5s
     user system elapsed
    poly.network 5.854 0.032 10.224
    dkmap 5.290 0.091 7.089
    angularity 4.419 0.234 7.379
    dne 4.207 0.046 6.284
    dkcrop 4.065 0.050 5.783
    dkprofile 3.082 0.066 6.030
Flavor: r-devel-linux-x86_64-debian-gcc

Version: 1.42.1
Check: installed package size
Result: NOTE
     installed size is 6.5Mb
     sub-directories of 1Mb or more:
     R 2.1Mb
     data 2.0Mb
     extdata 2.3Mb
Flavors: r-devel-linux-x86_64-fedora-clang, r-devel-windows-x86_64, r-release-macos-arm64, r-release-macos-x86_64, r-release-windows-x86_64, r-oldrel-macos-arm64, r-oldrel-macos-x86_64, r-oldrel-windows-ix86+x86_64

Version: 1.42.1
Check: dependencies in R code
Result: NOTE
    Namespace in Imports field not imported from: ‘usethis’
     All declared Imports should be used.
Flavors: r-devel-linux-x86_64-fedora-clang, r-devel-linux-x86_64-fedora-gcc, r-release-macos-arm64, r-release-macos-x86_64, r-oldrel-macos-arm64, r-oldrel-macos-x86_64

Version: 1.42.1
Check: examples
Result: WARN
    Found the following significant warnings:
    
     Warning: 'rgl::rgl.clear' is deprecated.
     Warning: 'rgl::rgl.clear' is deprecated.
     Warning: 'rgl::rgl.clear' is deprecated.
     Warning: 'rgl::rgl.clear' is deprecated.
     Warning: 'rgl::rgl.clear' is deprecated.
     Warning: 'rgl::rgl.clear' is deprecated.
     Warning: 'rgl::rgl.clear' is deprecated.
     Warning: 'rgl::rgl.clear' is deprecated.
     Warning: 'rgl::rgl.clear' is deprecated.
     Warning: 'rgl::rgl.clear' is deprecated.
     Warning: 'rgl::rgl.clear' is deprecated.
     Warning: 'rgl::rgl.clear' is deprecated.
     Warning: 'rgl::rgl.clear' is deprecated.
     Warning: 'rgl::rgl.clear' is deprecated.
     Warning: 'rgl::rgl.clear' is deprecated.
     Warning: 'rgl::rgl.clear' is deprecated.
     Warning: 'rgl::rgl.clear' is deprecated.
     Warning: 'rgl::rgl.clear' is deprecated.
     Warning: 'rgl::rgl.clear' is deprecated.
     Warning: 'rgl::rgl.clear' is deprecated.
     Warning: 'rgl::rgl.clear' is deprecated.
     Warning: 'rgl::rgl.clear' is deprecated.
     Warning: 'rgl::rgl.clear' is deprecated.
     Warning: 'rgl::rgl.clear' is deprecated.
     Warning: 'rgl::rgl.clear' is deprecated.
     Warning: 'rgl::rgl.clear' is deprecated.
     Warning: 'rgl::rgl.clear' is deprecated.
    Deprecated functions may be defunct as soon as of the next release of
    R.
    See ?Deprecated.
Flavors: r-devel-linux-x86_64-fedora-clang, r-devel-linux-x86_64-fedora-gcc, r-devel-windows-x86_64, r-release-windows-x86_64, r-oldrel-windows-ix86+x86_64

Version: 1.42.1
Check: examples
Result: WARN
    Found the following significant warnings:
    
     Warning: 'rgl::rgl.clear' is deprecated.
     Warning: 'rgl::rgl.clear' is deprecated.
     Warning: 'rgl::rgl.clear' is deprecated.
     Warning: 'rgl::rgl.clear' is deprecated.
     Warning: 'rgl::rgl.clear' is deprecated.
     Warning: 'rgl::rgl.clear' is deprecated.
     Warning: 'rgl::rgl.clear' is deprecated.
     Warning: 'rgl::rgl.clear' is deprecated.
     Warning: 'rgl::rgl.clear' is deprecated.
     Warning: 'rgl::rgl.clear' is deprecated.
     Warning: 'rgl::rgl.clear' is deprecated.
     Warning: 'rgl::rgl.clear' is deprecated.
     Warning: 'rgl::rgl.clear' is deprecated.
     Warning: 'rgl::rgl.clear' is deprecated.
     Warning: 'rgl::rgl.clear' is deprecated.
     Warning: 'rgl::rgl.clear' is deprecated.
     Warning: 'rgl::rgl.clear' is deprecated.
     Warning: 'rgl::rgl.clear' is deprecated.
     Warning: 'rgl::rgl.clear' is deprecated.
     Warning: 'rgl::rgl.clear' is deprecated.
     Warning: 'rgl::rgl.clear' is deprecated.
     Warning: 'rgl::rgl.clear' is deprecated.
     Warning: 'rgl::rgl.clear' is deprecated.
     Warning: 'rgl::rgl.clear' is deprecated.
     Warning: 'rgl::rgl.clear' is deprecated.
     Warning: 'rgl::rgl.clear' is deprecated.
     Warning: 'rgl::rgl.clear' is deprecated.
    Deprecated functions may be defunct as soon as of the next release of
    R.
    See ?Deprecated.
    Examples with CPU (user + system) or elapsed time > 5s
     user system elapsed
    poly.network 9.625 0.064 10.449
    dkmap 7.626 0.168 7.787
    angularity 6.217 0.374 7.152
    dkcrop 6.114 0.112 6.556
    dne 6.005 0.073 6.475
    oedist 4.922 0.110 5.533
Flavor: r-patched-linux-x86_64

Version: 1.42.1
Check: examples
Result: WARN
    Found the following significant warnings:
    
     Warning: 'rgl::rgl.clear' is deprecated.
     Warning: 'rgl::rgl.clear' is deprecated.
     Warning: 'rgl::rgl.clear' is deprecated.
     Warning: 'rgl::rgl.clear' is deprecated.
     Warning: 'rgl::rgl.clear' is deprecated.
     Warning: 'rgl::rgl.clear' is deprecated.
     Warning: 'rgl::rgl.clear' is deprecated.
     Warning: 'rgl::rgl.clear' is deprecated.
     Warning: 'rgl::rgl.clear' is deprecated.
     Warning: 'rgl::rgl.clear' is deprecated.
     Warning: 'rgl::rgl.clear' is deprecated.
     Warning: 'rgl::rgl.clear' is deprecated.
     Warning: 'rgl::rgl.clear' is deprecated.
     Warning: 'rgl::rgl.clear' is deprecated.
     Warning: 'rgl::rgl.clear' is deprecated.
     Warning: 'rgl::rgl.clear' is deprecated.
     Warning: 'rgl::rgl.clear' is deprecated.
     Warning: 'rgl::rgl.clear' is deprecated.
     Warning: 'rgl::rgl.clear' is deprecated.
     Warning: 'rgl::rgl.clear' is deprecated.
     Warning: 'rgl::rgl.clear' is deprecated.
     Warning: 'rgl::rgl.clear' is deprecated.
     Warning: 'rgl::rgl.clear' is deprecated.
     Warning: 'rgl::rgl.clear' is deprecated.
     Warning: 'rgl::rgl.clear' is deprecated.
     Warning: 'rgl::rgl.clear' is deprecated.
     Warning: 'rgl::rgl.clear' is deprecated.
    Deprecated functions may be defunct as soon as of the next release of
    R.
    See ?Deprecated.
    Examples with CPU (user + system) or elapsed time > 5s
     user system elapsed
    poly.network 9.449 0.067 10.241
    dkmap 7.539 0.078 7.235
    angularity 6.200 0.327 8.112
    dkcrop 6.000 0.110 5.870
    dne 5.942 0.064 6.834
Flavor: r-release-linux-x86_64