Last updated on 2023-05-28 10:00:42 CEST.
Flavor | Version | Tinstall | Tcheck | Ttotal | Status | Flags |
---|---|---|---|---|---|---|
r-devel-linux-x86_64-debian-clang | 0.2.0 | 111.73 | 54.60 | 166.33 | NOTE | |
r-devel-linux-x86_64-debian-gcc | 0.2.0 | 89.17 | 39.91 | 129.08 | NOTE | |
r-devel-linux-x86_64-fedora-clang | 0.2.0 | 282.08 | NOTE | |||
r-devel-linux-x86_64-fedora-gcc | 0.2.0 | 264.03 | NOTE | |||
r-devel-windows-x86_64 | 0.2.0 | 75.00 | 85.00 | 160.00 | NOTE | |
r-patched-linux-x86_64 | 0.2.0 | 101.41 | 53.11 | 154.52 | NOTE | |
r-release-linux-x86_64 | 0.2.0 | 98.44 | 54.50 | 152.94 | NOTE | |
r-release-macos-arm64 | 0.2.0 | 67.00 | NOTE | |||
r-release-macos-x86_64 | 0.2.0 | 116.00 | NOTE | |||
r-release-windows-x86_64 | 0.2.0 | 82.00 | 96.00 | 178.00 | NOTE | |
r-oldrel-macos-arm64 | 0.2.0 | 66.00 | NOTE | |||
r-oldrel-macos-x86_64 | 0.2.0 | 87.00 | NOTE | |||
r-oldrel-windows-x86_64 | 0.2.0 | 110.00 | 97.00 | 207.00 | NOTE |
Version: 0.2.0
Check: C++ specification
Result: NOTE
Specified C++11: please drop specification unless essential
Flavors: r-devel-linux-x86_64-debian-clang, r-devel-linux-x86_64-debian-gcc, r-devel-linux-x86_64-fedora-clang, r-devel-linux-x86_64-fedora-gcc, r-devel-windows-x86_64, r-patched-linux-x86_64, r-release-linux-x86_64, r-release-macos-arm64, r-release-macos-x86_64, r-release-windows-x86_64
Version: 0.2.0
Check: installed package size
Result: NOTE
installed size is 5.3Mb
sub-directories of 1Mb or more:
data 4.8Mb
Flavors: r-devel-linux-x86_64-fedora-clang, r-devel-windows-x86_64, r-release-macos-arm64, r-release-macos-x86_64, r-release-windows-x86_64, r-oldrel-macos-arm64, r-oldrel-macos-x86_64, r-oldrel-windows-x86_64
Version: 0.2.0
Check: data for non-ASCII characters
Result: NOTE
Note: found 9796 marked UTF-8 strings
Flavors: r-devel-linux-x86_64-fedora-clang, r-devel-linux-x86_64-fedora-gcc, r-oldrel-macos-x86_64