Last updated on 2024-05-11 09:51:17 CEST.
Flavor | Version | Tinstall | Tcheck | Ttotal | Status | Flags |
---|---|---|---|---|---|---|
r-devel-linux-x86_64-debian-clang | 1.0.17 | 2.83 | 127.34 | 130.17 | NOTE | |
r-devel-linux-x86_64-debian-gcc | 1.0.17 | 1.77 | 99.90 | 101.67 | NOTE | |
r-devel-linux-x86_64-fedora-clang | 1.0.17 | 171.05 | OK | |||
r-devel-linux-x86_64-fedora-gcc | 1.0.17 | 168.65 | OK | |||
r-devel-windows-x86_64 | 1.0.17 | 4.00 | 112.00 | 116.00 | OK | |
r-patched-linux-x86_64 | 1.0.17 | 2.53 | 122.21 | 124.74 | NOTE | |
r-release-linux-x86_64 | 1.0.17 | 2.63 | 120.31 | 122.94 | NOTE | |
r-release-macos-arm64 | 1.0.17 | 58.00 | OK | |||
r-release-windows-x86_64 | 1.0.17 | 3.00 | 111.00 | 114.00 | OK | |
r-oldrel-macos-arm64 | 1.0.17 | 96.00 | OK | |||
r-oldrel-macos-x86_64 | 1.0.17 | 143.00 | OK | |||
r-oldrel-windows-x86_64 | 1.0.17 | 4.00 | 126.00 | 130.00 | OK |
Version: 1.0.17
Check: R code for possible problems
Result: NOTE
Found the following calls to attach():
File ‘doParallel/R/doParallel.R’:
attach(exportEnv)
See section ‘Good practice’ in ‘?attach’.
Flavors: r-devel-linux-x86_64-debian-clang, r-devel-linux-x86_64-debian-gcc, r-patched-linux-x86_64, r-release-linux-x86_64