Last updated on 2024-04-17 08:57:28 CEST.
Flavor | Version | Tinstall | Tcheck | Ttotal | Status | Flags |
---|---|---|---|---|---|---|
r-devel-linux-x86_64-debian-clang | 4.6.20 | 29.19 | 173.56 | 202.75 | OK | |
r-devel-linux-x86_64-debian-gcc | 4.6.20 | 22.27 | 132.61 | 154.88 | OK | |
r-devel-linux-x86_64-fedora-clang | 4.6.20 | 257.44 | OK | |||
r-devel-linux-x86_64-fedora-gcc | 4.6.20 | 259.72 | OK | |||
r-prerel-macos-arm64 | 4.6.20 | 84.00 | NOTE | |||
r-prerel-windows-x86_64 | 4.6.20 | 24.00 | 193.00 | 217.00 | OK | |
r-patched-linux-x86_64 | 4.6.20 | 28.68 | 168.57 | 197.25 | OK | |
r-release-linux-x86_64 | 4.6.20 | 19.79 | 173.29 | 193.08 | OK | |
r-release-macos-arm64 | 4.6.20 | 95.00 | NOTE | |||
r-release-macos-x86_64 | 4.6.20 | 202.00 | NOTE | |||
r-release-windows-x86_64 | 4.6.20 | 31.00 | 223.00 | 254.00 | OK | |
r-oldrel-macos-arm64 | 4.6.20 | 112.00 | NOTE | |||
r-oldrel-windows-x86_64 | 4.6.20 | 32.00 | 218.00 | 250.00 | OK |
Version: 4.6.20
Check: installed package size
Result: NOTE
installed size is 5.6Mb
sub-directories of 1Mb or more:
data 4.7Mb
Flavors: r-prerel-macos-arm64, r-release-macos-arm64, r-release-macos-x86_64, r-oldrel-macos-arm64