CRAN Package Check Results for Package dmdScheme

Last updated on 2020-08-14 10:03:32 CEST.

Flavor Version Tinstall Tcheck Ttotal Status Flags
r-devel-linux-x86_64-debian-clang 1.2 9.54 753.98 763.52 OK
r-devel-linux-x86_64-debian-gcc 1.2 7.75 543.12 550.87 OK
r-devel-linux-x86_64-fedora-clang 1.2 896.85 OK
r-devel-linux-x86_64-fedora-gcc 1.2 151.44 NOTE
r-devel-windows-ix86+x86_64 1.2 45.00 157.00 202.00 OK
r-patched-linux-x86_64 1.2 9.14 650.90 660.04 OK
r-patched-solaris-x86 1.2 1399.10 ERROR
r-release-linux-x86_64 1.2 8.90 648.69 657.59 OK
r-release-macos-x86_64 1.2 ERROR
r-release-windows-ix86+x86_64 1.2 41.00 159.00 200.00 OK
r-oldrel-macos-x86_64 1.2 ERROR
r-oldrel-windows-ix86+x86_64 1.2 21.00 149.00 170.00 OK

Check Details

Version: 1.2
Check: for non-standard things in the check directory
Result: NOTE
    Found the following files/directories:
     ‘emeScheme’
Flavor: r-devel-linux-x86_64-fedora-gcc

Version: 1.2
Check: examples
Result: ERROR
    Running examples in ‘dmdScheme-Ex.R’ failed
    The error most likely occurred in:
    
    > ### Name: report
    > ### Title: Generic function for creating a report from an object 'x'
    > ### Aliases: report report.character report.dmdScheme_validation
    >
    > ### ** Examples
    >
    > ## Report of `dmdScheme_validation`
    > report( scheme_path_xlsx() )
    Validating Experiment
    Validating MdBibliometric
    Validating MdAuthors
    Validating Genus
    Validating Treatments
    Validating Measurement
    Validating DataExtraction
    Validating DataFileMetaData
    Error: pandoc version 1.12.3 or higher is required and was not found (see the help page ?rmarkdown::pandoc_available).
    Execution halted
Flavors: r-patched-solaris-x86, r-release-macos-x86_64, r-oldrel-macos-x86_64