CRAN Package Check Results for Package dm

Last updated on 2020-08-09 09:46:42 CEST.

Flavor Version Tinstall Tcheck Ttotal Status Flags
r-devel-linux-x86_64-debian-clang 0.1.6 11.09 466.06 477.15 OK
r-devel-linux-x86_64-debian-gcc 0.1.6 8.99 350.26 359.25 OK
r-devel-linux-x86_64-fedora-clang 0.1.6 550.66 OK
r-devel-linux-x86_64-fedora-gcc 0.1.6 540.76 OK
r-devel-windows-ix86+x86_64 0.1.6 22.00 624.00 646.00 OK
r-patched-linux-x86_64 0.1.6 10.12 447.19 457.31 OK
r-patched-solaris-x86 0.1.6 617.00 NOTE
r-release-linux-x86_64 0.1.6 10.98 442.31 453.29 OK
r-release-macos-x86_64 0.1.6 OK
r-release-windows-ix86+x86_64 0.1.6 32.00 603.00 635.00 OK
r-oldrel-macos-x86_64 0.1.6 OK
r-oldrel-windows-ix86+x86_64 0.1.6 19.00 427.00 446.00 OK

Check Details

Version: 0.1.6
Check: package dependencies
Result: NOTE
    Package suggested but not available for checking: ‘RPostgres’
Flavor: r-patched-solaris-x86