CRAN Package Check Results for Package dixon

Last updated on 2023-10-01 10:57:45 CEST.

Flavor Version Tinstall Tcheck Ttotal Status Flags
r-devel-linux-x86_64-debian-clang 0.0-8 12.01 95.94 107.95 OK
r-devel-linux-x86_64-debian-gcc 0.0-8 10.17 72.99 83.16 OK
r-devel-linux-x86_64-fedora-clang 0.0-8 134.45 OK
r-devel-linux-x86_64-fedora-gcc 0.0-8 133.98 OK
r-devel-windows-x86_64 0.0-8 14.00 85.00 99.00 OK
r-patched-linux-x86_64 0.0-8 10.94 92.74 103.68 OK
r-release-linux-x86_64 0.0-8 8.28 93.74 102.02 OK
r-release-macos-arm64 0.0-8 45.00 OK
r-release-macos-x86_64 0.0-8 72.00 NOTE
r-release-windows-x86_64 0.0-8 17.00 100.00 117.00 OK
r-oldrel-macos-arm64 0.0-8 39.00 OK
r-oldrel-macos-x86_64 0.0-8 65.00 OK
r-oldrel-windows-x86_64 0.0-8 17.00 106.00 123.00 OK

Check Details

Version: 0.0-8
Check: package dependencies
Result: NOTE
    Package suggested but not available for checking: ‘ecespa’
Flavor: r-release-macos-x86_64

Version: 0.0-8
Check: Rd cross-references
Result: NOTE
    Package unavailable to check Rd xrefs: ‘ecespa’
Flavor: r-release-macos-x86_64