CRAN Package Check Results for Package disto

Last updated on 2022-09-25 09:51:37 CEST.

Flavor Version Tinstall Tcheck Ttotal Status Flags
r-devel-linux-x86_64-debian-clang 0.2.0 3.10 43.17 46.27 NOTE
r-devel-linux-x86_64-debian-gcc 0.2.0 2.38 32.23 34.61 NOTE
r-devel-linux-x86_64-fedora-clang 0.2.0 66.48 NOTE
r-devel-linux-x86_64-fedora-gcc 0.2.0 64.92 NOTE
r-devel-windows-x86_64 0.2.0 13.00 83.00 96.00 NOTE
r-patched-linux-x86_64 0.2.0 2.44 40.61 43.05 OK
r-release-linux-x86_64 0.2.0 2.54 39.96 42.50 OK
r-release-macos-arm64 0.2.0 23.00 NOTE
r-release-macos-x86_64 0.2.0 36.00 NOTE
r-release-windows-x86_64 0.2.0 12.00 84.00 96.00 OK
r-oldrel-macos-arm64 0.2.0 30.00 NOTE
r-oldrel-macos-x86_64 0.2.0 37.00 NOTE
r-oldrel-windows-ix86+x86_64 0.2.0 9.00 76.00 85.00 OK

Check Details

Version: 0.2.0
Check: package subdirectories
Result: NOTE
    Problems with news in 'NEWS.md':
    No news entries found.
Flavors: r-devel-linux-x86_64-debian-clang, r-devel-linux-x86_64-debian-gcc, r-devel-linux-x86_64-fedora-clang, r-devel-linux-x86_64-fedora-gcc, r-devel-windows-x86_64

Version: 0.2.0
Check: dependencies in R code
Result: NOTE
    Namespaces in Imports field not imported from:
     ‘dplyr’ ‘proxy’
     All declared Imports should be used.
Flavors: r-devel-linux-x86_64-fedora-clang, r-devel-linux-x86_64-fedora-gcc, r-release-macos-arm64, r-release-macos-x86_64, r-oldrel-macos-arm64, r-oldrel-macos-x86_64