CRAN Package Check Results for Package disprose

Last updated on 2022-12-07 10:49:57 CET.

Flavor Version Tinstall Tcheck Ttotal Status Flags
r-devel-linux-x86_64-debian-clang 0.1.6 5.52 55.05 60.57 OK
r-devel-linux-x86_64-debian-gcc 0.1.6 4.70 41.44 46.14 OK
r-devel-linux-x86_64-fedora-clang 0.1.6 88.83 OK
r-devel-linux-x86_64-fedora-gcc 0.1.6 88.23 OK
r-devel-windows-x86_64 0.1.6 31.00 102.00 133.00 OK
r-patched-linux-x86_64 0.1.6 5.33 51.42 56.75 OK
r-release-linux-x86_64 0.1.6 4.45 50.12 54.57 OK
r-release-macos-arm64 0.1.6 34.00 NOTE
r-release-macos-x86_64 0.1.6 42.00 OK
r-release-windows-x86_64 0.1.6 37.00 90.00 127.00 OK
r-oldrel-macos-arm64 0.1.6 36.00 OK
r-oldrel-macos-x86_64 0.1.6 44.00 OK
r-oldrel-windows-ix86+x86_64 0.1.6 12.00 83.00 95.00 OK

Check Details

Version: 0.1.6
Check: package dependencies
Result: NOTE
    Package suggested but not available for checking: ‘biomartr’
Flavor: r-release-macos-arm64

Version: 0.1.6
Check: Rd cross-references
Result: NOTE
    Package unavailable to check Rd xrefs: ‘biomartr’
Flavor: r-release-macos-arm64