CRAN Package Check Results for Package dipsaus

Last updated on 2020-08-03 10:04:51 CEST.

Flavor Version Tinstall Tcheck Ttotal Status Flags
r-devel-linux-x86_64-debian-clang 0.0.9 70.31 70.29 140.60 OK
r-devel-linux-x86_64-debian-gcc 0.0.9 50.02 54.09 104.11 OK
r-devel-linux-x86_64-fedora-clang 0.0.9 191.72 OK
r-devel-linux-x86_64-fedora-gcc 0.0.9 176.16 OK
r-devel-windows-ix86+x86_64 0.0.9 206.00 129.00 335.00 OK
r-patched-linux-x86_64 0.0.9 50.63 71.27 121.90 OK
r-patched-solaris-x86 0.0.9 185.70 NOTE
r-release-linux-x86_64 0.0.9 51.48 69.78 121.26 OK
r-release-macos-x86_64 0.0.9 OK
r-release-windows-ix86+x86_64 0.0.9 206.00 183.00 389.00 OK
r-oldrel-macos-x86_64 0.0.9 OK
r-oldrel-windows-ix86+x86_64 0.0.9 125.00 121.00 246.00 OK

Check Details

Version: 0.0.9
Check: package dependencies
Result: NOTE
    Package suggested but not available for checking: ‘RcppRedis’
Flavor: r-patched-solaris-x86