Last updated on 2024-05-07 10:55:56 CEST.
Flavor | Version | Tinstall | Tcheck | Ttotal | Status | Flags |
---|---|---|---|---|---|---|
r-devel-linux-x86_64-debian-clang | 2.0.0 | 38.15 | 30.29 | 68.44 | NOTE | |
r-devel-linux-x86_64-debian-gcc | 2.0.0 | 27.22 | 23.05 | 50.27 | NOTE | |
r-devel-linux-x86_64-fedora-clang | 2.0.0 | 94.26 | NOTE | |||
r-devel-linux-x86_64-fedora-gcc | 2.0.0 | 146.17 | NOTE | |||
r-devel-windows-x86_64 | 2.0.0 | 30.00 | 64.00 | 94.00 | NOTE | |
r-patched-linux-x86_64 | 2.0.0 | 36.54 | 28.84 | 65.38 | NOTE | |
r-release-linux-x86_64 | 2.0.0 | 38.85 | 28.61 | 67.46 | NOTE | |
r-release-macos-arm64 | 2.0.0 | 26.00 | NOTE | |||
r-release-windows-x86_64 | 2.0.0 | 31.00 | 64.00 | 95.00 | NOTE | |
r-oldrel-macos-arm64 | 2.0.0 | 30.00 | NOTE | |||
r-oldrel-macos-x86_64 | 2.0.0 | 42.00 | NOTE | |||
r-oldrel-windows-x86_64 | 2.0.0 | 35.00 | 72.00 | 107.00 | NOTE |
Version: 2.0.0
Check: C++ specification
Result: NOTE
Specified C++11: please drop specification unless essential
Flavors: r-devel-linux-x86_64-debian-clang, r-devel-linux-x86_64-debian-gcc, r-devel-linux-x86_64-fedora-clang, r-devel-linux-x86_64-fedora-gcc, r-devel-windows-x86_64, r-patched-linux-x86_64, r-release-linux-x86_64, r-release-macos-arm64, r-release-windows-x86_64, r-oldrel-macos-arm64, r-oldrel-macos-x86_64, r-oldrel-windows-x86_64