CRAN Package Check Results for Package dformula

Last updated on 2021-10-19 09:54:09 CEST.

Flavor Version Tinstall Tcheck Ttotal Status Flags
r-devel-linux-x86_64-debian-clang 0.1 2.58 29.99 32.57 OK
r-devel-linux-x86_64-debian-gcc 0.1 1.89 23.29 25.18 OK
r-devel-linux-x86_64-fedora-clang 0.1 50.00 NOTE
r-devel-linux-x86_64-fedora-gcc 0.1 39.28 NOTE
r-devel-windows-x86_64 0.1 5.00 54.00 59.00 OK
r-devel-windows-x86_64-gcc10-UCRT 0.1 NOTE
r-patched-linux-x86_64 0.1 2.40 28.75 31.15 OK
r-patched-solaris-x86 0.1 58.40 NOTE
r-release-linux-x86_64 0.1 2.65 28.99 31.64 OK
r-release-macos-arm64 0.1 NOTE
r-release-macos-x86_64 0.1 NOTE
r-release-windows-ix86+x86_64 0.1 5.00 49.00 54.00 OK
r-oldrel-macos-x86_64 0.1 NOTE
r-oldrel-windows-ix86+x86_64 0.1 7.00 48.00 55.00 OK

Check Details

Version: 0.1
Check: data for non-ASCII characters
Result: NOTE
     Note: found 1 marked UTF-8 string
Flavors: r-devel-linux-x86_64-fedora-clang, r-devel-linux-x86_64-fedora-gcc, r-devel-windows-x86_64-gcc10-UCRT, r-patched-solaris-x86, r-release-macos-arm64, r-release-macos-x86_64, r-oldrel-macos-x86_64