Last updated on 2023-02-07 10:53:53 CET.
Flavor | Version | Tinstall | Tcheck | Ttotal | Status | Flags |
---|---|---|---|---|---|---|
r-devel-linux-x86_64-debian-clang | 0.2.0 | 6.72 | 91.33 | 98.05 | OK | |
r-devel-linux-x86_64-debian-gcc | 0.2.0 | 5.73 | 66.43 | 72.16 | OK | |
r-devel-linux-x86_64-fedora-clang | 0.2.0 | 123.84 | NOTE | |||
r-devel-linux-x86_64-fedora-gcc | 0.2.0 | 125.37 | NOTE | |||
r-devel-windows-x86_64 | 0.2.0 | 11.00 | 129.00 | 140.00 | OK | |
r-patched-linux-x86_64 | 0.2.0 | 6.36 | 83.40 | 89.76 | OK | |
r-release-linux-x86_64 | 0.2.0 | 6.67 | 86.22 | 92.89 | OK | |
r-release-macos-arm64 | 0.2.0 | 36.00 | NOTE | |||
r-release-macos-x86_64 | 0.2.0 | 66.00 | NOTE | |||
r-release-windows-x86_64 | 0.2.0 | 37.00 | 132.00 | 169.00 | OK | |
r-oldrel-macos-arm64 | 0.2.0 | 47.00 | NOTE | |||
r-oldrel-macos-x86_64 | 0.2.0 | 68.00 | NOTE | |||
r-oldrel-windows-ix86+x86_64 | 0.2.0 | 16.00 | 126.00 | 142.00 | OK |
Version: 0.2.0
Check: dependencies in R code
Result: NOTE
Namespaces in Imports field not imported from:
‘MASS’ ‘plyr’
All declared Imports should be used.
Flavors: r-devel-linux-x86_64-fedora-clang, r-devel-linux-x86_64-fedora-gcc, r-release-macos-arm64, r-release-macos-x86_64, r-oldrel-macos-arm64, r-oldrel-macos-x86_64