Last updated on 2022-08-07 09:53:57 CEST.
Flavor | Version | Tinstall | Tcheck | Ttotal | Status | Flags |
---|---|---|---|---|---|---|
r-devel-linux-x86_64-debian-clang | 0.2.6 | 18.12 | 115.10 | 133.22 | OK | |
r-devel-linux-x86_64-debian-gcc | 0.2.6 | 14.58 | 84.36 | 98.94 | OK | |
r-devel-linux-x86_64-fedora-clang | 0.2.6 | 179.13 | NOTE | |||
r-devel-linux-x86_64-fedora-gcc | 0.2.6 | 160.03 | OK | |||
r-devel-windows-x86_64 | 0.2.6 | 38.00 | 126.00 | 164.00 | OK | |
r-patched-linux-x86_64 | 0.2.6 | 10.79 | 103.74 | 114.53 | OK | |
r-release-linux-x86_64 | 0.2.6 | 11.06 | 105.33 | 116.39 | OK | |
r-release-macos-arm64 | 0.2.6 | 41.00 | OK | |||
r-release-macos-x86_64 | 0.2.6 | 62.00 | OK | |||
r-release-windows-x86_64 | 0.2.6 | 34.00 | 126.00 | 160.00 | OK | |
r-oldrel-macos-arm64 | 0.2.6 | 40.00 | OK | |||
r-oldrel-macos-x86_64 | 0.2.6 | 58.00 | OK | |||
r-oldrel-windows-ix86+x86_64 | 0.2.6 | 35.00 | 131.00 | 166.00 | OK |
Version: 0.2.6
Check: package dependencies
Result: NOTE
Imports includes 22 non-default packages.
Importing from so many packages makes the package vulnerable to any of
them becoming unavailable. Move as many as possible to Suggests and
use conditionally.
Flavor: r-devel-linux-x86_64-fedora-clang