Last updated on 2024-05-11 09:51:17 CEST.
Flavor | Version | Tinstall | Tcheck | Ttotal | Status | Flags |
---|---|---|---|---|---|---|
r-devel-linux-x86_64-debian-clang | 0.1.13 | 13.37 | 126.34 | 139.71 | OK | |
r-devel-linux-x86_64-debian-gcc | 0.1.13 | 10.62 | 94.69 | 105.31 | OK | |
r-devel-linux-x86_64-fedora-clang | 0.1.13 | 177.86 | NOTE | |||
r-devel-linux-x86_64-fedora-gcc | 0.1.13 | 238.41 | NOTE | |||
r-devel-windows-x86_64 | 0.1.13 | 12.00 | 106.00 | 118.00 | OK | |
r-patched-linux-x86_64 | 0.1.13 | 10.04 | 120.03 | 130.07 | OK | |
r-release-linux-x86_64 | 0.1.13 | 9.42 | 121.41 | 130.83 | OK | |
r-release-macos-arm64 | 0.1.13 | 62.00 | OK | |||
r-release-windows-x86_64 | 0.1.13 | 12.00 | 104.00 | 116.00 | OK | |
r-oldrel-macos-arm64 | 0.1.13 | 57.00 | OK | |||
r-oldrel-macos-x86_64 | 0.1.13 | 165.00 | OK | |||
r-oldrel-windows-x86_64 | 0.1.13 | 16.00 | 125.00 | 141.00 | OK |
Version: 0.1.13
Check: data for non-ASCII characters
Result: NOTE
Note: found 47 marked UTF-8 strings
Flavors: r-devel-linux-x86_64-fedora-clang, r-devel-linux-x86_64-fedora-gcc