CRAN Package Check Results for Package desctable

Last updated on 2020-08-13 09:48:52 CEST.

Flavor Version Tinstall Tcheck Ttotal Status Flags
r-devel-linux-x86_64-debian-clang 0.1.7 4.61 47.46 52.07 OK
r-devel-linux-x86_64-debian-gcc 0.1.7 3.65 35.65 39.30 OK
r-devel-linux-x86_64-fedora-clang 0.1.7 69.17 NOTE
r-devel-linux-x86_64-fedora-gcc 0.1.7 59.00 OK
r-devel-windows-ix86+x86_64 0.1.7 21.00 68.00 89.00 OK
r-patched-linux-x86_64 0.1.7 4.42 46.16 50.58 OK
r-patched-solaris-x86 0.1.7 87.10 OK
r-release-linux-x86_64 0.1.7 4.70 46.11 50.81 OK
r-release-macos-x86_64 0.1.7 OK
r-release-windows-ix86+x86_64 0.1.7 16.00 108.00 124.00 OK
r-oldrel-macos-x86_64 0.1.7 OK
r-oldrel-windows-ix86+x86_64 0.1.7 8.00 59.00 67.00 OK

Check Details

Version: 0.1.7
Check: Rd cross-references
Result: NOTE
    Undeclared package ‘htmlwidgets’ in Rd xrefs
Flavor: r-devel-linux-x86_64-fedora-clang