CRAN Package Check Results for Package depmixS4

Last updated on 2020-08-04 09:48:23 CEST.

Flavor Version Tinstall Tcheck Ttotal Status Flags
r-devel-linux-x86_64-debian-clang 1.4-2 9.33 114.04 123.37 NOTE
r-devel-linux-x86_64-debian-gcc 1.4-2 7.95 80.98 88.93 NOTE
r-devel-linux-x86_64-fedora-clang 1.4-2 152.03 NOTE
r-devel-linux-x86_64-fedora-gcc 1.4-2 139.55 NOTE
r-devel-windows-ix86+x86_64 1.4-2 29.00 159.00 188.00 NOTE
r-patched-linux-x86_64 1.4-2 9.79 110.83 120.62 NOTE
r-patched-solaris-x86 1.4-2 188.90 NOTE
r-release-linux-x86_64 1.4-2 9.98 109.34 119.32 NOTE
r-release-macos-x86_64 1.4-2 NOTE
r-release-windows-ix86+x86_64 1.4-2 28.00 239.00 267.00 NOTE
r-oldrel-macos-x86_64 1.4-2 NOTE
r-oldrel-windows-ix86+x86_64 1.4-2 17.00 197.00 214.00 NOTE

Check Details

Version: 1.4-2
Check: package dependencies
Result: NOTE
    Package suggested but not available for checking: 'Rdonlp2'
Flavors: r-devel-linux-x86_64-debian-clang, r-devel-linux-x86_64-debian-gcc, r-devel-linux-x86_64-fedora-clang, r-devel-linux-x86_64-fedora-gcc, r-devel-windows-ix86+x86_64, r-patched-linux-x86_64, r-patched-solaris-x86, r-release-linux-x86_64, r-release-macos-x86_64, r-release-windows-ix86+x86_64, r-oldrel-macos-x86_64, r-oldrel-windows-ix86+x86_64