Last updated on 2024-03-28 10:49:31 CET.
Flavor | Version | Tinstall | Tcheck | Ttotal | Status | Flags |
---|---|---|---|---|---|---|
r-devel-linux-x86_64-debian-clang | 0.0.1 | 28.33 | 83.68 | 112.01 | NOTE | |
r-devel-linux-x86_64-debian-gcc | 0.0.1 | 21.22 | 63.03 | 84.25 | NOTE | |
r-devel-linux-x86_64-fedora-clang | 0.0.1 | 143.53 | NOTE | |||
r-devel-linux-x86_64-fedora-gcc | 0.0.1 | 138.63 | NOTE | |||
r-devel-windows-x86_64 | 0.0.1 | 25.00 | 92.00 | 117.00 | NOTE | |
r-patched-linux-x86_64 | 0.0.1 | 24.50 | 79.78 | 104.28 | NOTE | |
r-release-linux-x86_64 | 0.0.1 | 29.00 | 82.56 | 111.56 | NOTE | |
r-release-macos-arm64 | 0.0.1 | 45.00 | NOTE | |||
r-release-macos-x86_64 | 0.0.1 | 71.00 | NOTE | |||
r-release-windows-x86_64 | 0.0.1 | 33.00 | 113.00 | 146.00 | NOTE | |
r-oldrel-macos-arm64 | 0.0.1 | 43.00 | NOTE | |||
r-oldrel-windows-x86_64 | 0.0.1 | 31.00 | 113.00 | 144.00 | NOTE |
Version: 0.0.1
Check: LazyData
Result: NOTE
'LazyData' is specified without a 'data' directory
Flavors: r-devel-linux-x86_64-debian-clang, r-devel-linux-x86_64-debian-gcc, r-devel-linux-x86_64-fedora-clang, r-devel-linux-x86_64-fedora-gcc, r-devel-windows-x86_64, r-patched-linux-x86_64, r-release-linux-x86_64, r-release-macos-arm64, r-release-macos-x86_64, r-release-windows-x86_64, r-oldrel-macos-arm64, r-oldrel-windows-x86_64