Last updated on 2024-04-24 10:22:52 CEST.
Flavor | Version | Tinstall | Tcheck | Ttotal | Status | Flags |
---|---|---|---|---|---|---|
r-devel-linux-x86_64-debian-clang | 0.3.3 | 14.91 | 58.66 | 73.57 | NOTE | |
r-devel-linux-x86_64-debian-gcc | 0.3.3 | 11.39 | 43.45 | 54.84 | NOTE | |
r-devel-linux-x86_64-fedora-clang | 0.3.3 | 99.68 | NOTE | |||
r-devel-linux-x86_64-fedora-gcc | 0.3.3 | 91.46 | NOTE | |||
r-devel-windows-x86_64 | 0.3.3 | 18.00 | 66.00 | 84.00 | OK | |
r-patched-linux-x86_64 | 0.3.3 | 15.48 | 55.05 | 70.53 | OK | |
r-release-linux-x86_64 | 0.3.3 | 12.85 | 54.90 | 67.75 | OK | |
r-release-macos-arm64 | 0.3.3 | 36.00 | OK | |||
r-release-macos-x86_64 | 0.3.3 | 64.00 | OK | |||
r-release-windows-x86_64 | 0.3.3 | 21.00 | 77.00 | 98.00 | OK | |
r-oldrel-macos-arm64 | 0.3.3 | 37.00 | OK | |||
r-oldrel-macos-x86_64 | 0.3.3 | 54.00 | OK | |||
r-oldrel-windows-x86_64 | 0.3.3 | 18.00 | 81.00 | 99.00 | OK |
Version: 0.3.3
Check: compiled code
Result: NOTE
File ‘densityClust/libs/densityClust.so’:
Found non-API calls to R: ‘SETLENGTH’, ‘SET_TRUELENGTH’
Compiled code should not call non-API entry points in R.
See ‘Writing portable packages’ in the ‘Writing R Extensions’ manual.
Flavors: r-devel-linux-x86_64-debian-clang, r-devel-linux-x86_64-debian-gcc, r-devel-linux-x86_64-fedora-clang, r-devel-linux-x86_64-fedora-gcc