CRAN Package Check Results for Package dendextend

Last updated on 2022-12-04 09:55:15 CET.

Flavor Version Tinstall Tcheck Ttotal Status Flags
r-devel-linux-x86_64-debian-clang 1.16.0 13.95 266.74 280.69 OK
r-devel-linux-x86_64-debian-gcc 1.16.0 11.72 217.95 229.67 OK
r-devel-linux-x86_64-fedora-clang 1.16.0 380.62 NOTE
r-devel-linux-x86_64-fedora-gcc 1.16.0 363.08 OK
r-devel-windows-x86_64 1.16.0 146.00 421.00 567.00 NOTE
r-patched-linux-x86_64 1.16.0 17.93 273.75 291.68 OK
r-release-linux-x86_64 1.16.0 13.64 267.38 281.02 OK
r-release-macos-arm64 1.16.0 157.00 NOTE
r-release-macos-x86_64 1.16.0 193.00 NOTE
r-release-windows-x86_64 1.16.0 142.00 436.00 578.00 NOTE
r-oldrel-macos-arm64 1.16.0 157.00 NOTE
r-oldrel-macos-x86_64 1.16.0 205.00 NOTE
r-oldrel-windows-ix86+x86_64 1.16.0 28.00 312.00 340.00 NOTE

Check Details

Version: 1.16.0
Check: installed package size
Result: NOTE
     installed size is 5.4Mb
     sub-directories of 1Mb or more:
     doc 4.2Mb
Flavors: r-devel-linux-x86_64-fedora-clang, r-devel-windows-x86_64, r-release-macos-arm64, r-release-macos-x86_64, r-release-windows-x86_64, r-oldrel-macos-arm64, r-oldrel-macos-x86_64, r-oldrel-windows-ix86+x86_64