Last updated on 2024-05-04 09:49:32 CEST.
Flavor | Version | Tinstall | Tcheck | Ttotal | Status | Flags |
---|---|---|---|---|---|---|
r-devel-linux-x86_64-debian-clang | 1.2 | 6.74 | 78.73 | 85.47 | NOTE | |
r-devel-linux-x86_64-debian-gcc | 1.2 | 6.42 | 59.53 | 65.95 | NOTE | |
r-devel-linux-x86_64-fedora-clang | 1.2 | 108.85 | NOTE | |||
r-devel-linux-x86_64-fedora-gcc | 1.2 | 103.53 | NOTE | |||
r-devel-windows-x86_64 | 1.2 | 8.00 | 78.00 | 86.00 | NOTE | |
r-patched-linux-x86_64 | 1.2 | 10.70 | 75.98 | 86.68 | NOTE | |
r-release-linux-x86_64 | 1.2 | 5.34 | 75.41 | 80.75 | NOTE | |
r-release-macos-arm64 | 1.2 | 34.00 | NOTE | |||
r-release-windows-x86_64 | 1.2 | 8.00 | 79.00 | 87.00 | NOTE | |
r-oldrel-macos-arm64 | 1.2 | 36.00 | OK | |||
r-oldrel-macos-x86_64 | 1.2 | 85.00 | OK | |||
r-oldrel-windows-x86_64 | 1.2 | 8.00 | 93.00 | 101.00 | OK |
Version: 1.2
Check: Rd files
Result: NOTE
checkRd: (-1) deepNN-package.Rd:18: Lost braces
18 | section{Dependencies}{
| ^
checkRd: (-1) deepNN-package.Rd:18-21: Lost braces
18 | section{Dependencies}{
| ^
checkRd: (-1) deepNN-package.Rd:23: Lost braces
23 | section{Citation}{
| ^
checkRd: (-1) deepNN-package.Rd:23-25: Lost braces
23 | section{Citation}{
| ^
checkRd: (-1) deepNN-package.Rd:27-38: Lost braces
27 | references{
| ^
Flavors: r-devel-linux-x86_64-debian-clang, r-devel-linux-x86_64-debian-gcc, r-devel-linux-x86_64-fedora-clang, r-devel-linux-x86_64-fedora-gcc, r-devel-windows-x86_64, r-patched-linux-x86_64, r-release-linux-x86_64, r-release-macos-arm64, r-release-windows-x86_64