CRAN Package Check Results for Package decoder

Last updated on 2020-08-13 09:48:52 CEST.

Flavor Version Tinstall Tcheck Ttotal Status Flags
r-devel-linux-x86_64-debian-clang 1.2.2 5.81 36.35 42.16 WARN
r-devel-linux-x86_64-debian-gcc 1.2.2 4.08 28.88 32.96 OK
r-devel-linux-x86_64-fedora-clang 1.2.2 58.46 NOTE
r-devel-linux-x86_64-fedora-gcc 1.2.2 49.70 NOTE
r-devel-windows-ix86+x86_64 1.2.2 15.00 57.00 72.00 OK
r-patched-linux-x86_64 1.2.2 5.88 36.32 42.20 OK
r-patched-solaris-x86 1.2.2 74.80 NOTE
r-release-linux-x86_64 1.2.2 5.39 35.87 41.26 WARN
r-release-macos-x86_64 1.2.2 NOTE
r-release-windows-ix86+x86_64 1.2.2 13.00 87.00 100.00 OK
r-oldrel-macos-x86_64 1.2.2 NOTE
r-oldrel-windows-ix86+x86_64 1.2.2 9.00 54.00 63.00 OK

Check Details

Version: 1.2.2
Check: package dependencies
Result: NOTE
    Package suggested but not available for checking: 'tidyr'
Flavors: r-devel-linux-x86_64-debian-clang, r-release-linux-x86_64

Version: 1.2.2
Check: re-building of vignette outputs
Result: WARN
    Error(s) in re-building vignettes:
     ...
    --- re-building 'decoder.Rmd' using rmarkdown
    --- finished re-building 'decoder.Rmd'
    
    --- re-building 'sjukhus.Rmd' using rmarkdown
    Quitting from lines 78-90 (sjukhus.Rmd)
    Error: processing vignette 'sjukhus.Rmd' failed with diagnostics:
    there is no package called 'tidyr'
    --- failed re-building 'sjukhus.Rmd'
    
    SUMMARY: processing the following file failed:
     'sjukhus.Rmd'
    
    Error: Vignette re-building failed.
    Execution halted
Flavors: r-devel-linux-x86_64-debian-clang, r-release-linux-x86_64

Version: 1.2.2
Check: data for non-ASCII characters
Result: NOTE
     Note: found 1 marked Latin-1 string
     Note: found 46826 marked UTF-8 strings
Flavors: r-devel-linux-x86_64-fedora-clang, r-devel-linux-x86_64-fedora-gcc, r-patched-solaris-x86, r-release-macos-x86_64, r-oldrel-macos-x86_64