Last updated on 2023-02-06 09:55:40 CET.
Flavor | Version | Tinstall | Tcheck | Ttotal | Status | Flags |
---|---|---|---|---|---|---|
r-devel-linux-x86_64-debian-clang | 0.1.1 | 2.41 | 61.76 | 64.17 | OK | |
r-devel-linux-x86_64-debian-gcc | 0.1.1 | 2.73 | 45.51 | 48.24 | OK | |
r-devel-linux-x86_64-fedora-clang | 0.1.1 | 79.73 | NOTE | |||
r-devel-linux-x86_64-fedora-gcc | 0.1.1 | 87.85 | NOTE | |||
r-devel-windows-x86_64 | 0.1.1 | 16.00 | 96.00 | 112.00 | OK | |
r-patched-linux-x86_64 | 0.1.1 | 3.12 | 57.68 | 60.80 | OK | |
r-release-linux-x86_64 | 0.1.1 | 2.83 | 52.65 | 55.48 | OK | |
r-release-macos-arm64 | 0.1.1 | 27.00 | NOTE | |||
r-release-macos-x86_64 | 0.1.1 | 35.00 | NOTE | |||
r-release-windows-x86_64 | 0.1.1 | 13.00 | 98.00 | 111.00 | OK | |
r-oldrel-macos-arm64 | 0.1.1 | 26.00 | NOTE | |||
r-oldrel-macos-x86_64 | 0.1.1 | 49.00 | NOTE | |||
r-oldrel-windows-ix86+x86_64 | 0.1.1 | 8.00 | 82.00 | 90.00 | OK |
Version: 0.1.1
Check: dependencies in R code
Result: NOTE
Namespaces in Imports field not imported from:
‘MASS’ ‘qpdf’
All declared Imports should be used.
Flavors: r-devel-linux-x86_64-fedora-clang, r-devel-linux-x86_64-fedora-gcc, r-release-macos-arm64, r-release-macos-x86_64, r-oldrel-macos-arm64, r-oldrel-macos-x86_64