Last updated on 2023-01-28 10:51:24 CET.
Flavor | Version | Tinstall | Tcheck | Ttotal | Status | Flags |
---|---|---|---|---|---|---|
r-devel-linux-x86_64-debian-clang | 1.3.13 | 178.57 | 134.76 | 313.33 | OK | |
r-devel-linux-x86_64-debian-gcc | 1.3.13 | 132.72 | 101.85 | 234.57 | NOTE | |
r-devel-linux-x86_64-fedora-clang | 1.3.13 | 484.87 | NOTE | |||
r-devel-linux-x86_64-fedora-gcc | 1.3.13 | 415.20 | NOTE | |||
r-devel-windows-x86_64 | 1.3.13 | 204.00 | 195.00 | 399.00 | OK | |
r-patched-linux-x86_64 | 1.3.13 | 153.83 | 124.86 | 278.69 | OK | |
r-release-linux-x86_64 | 1.3.13 | 143.46 | 128.18 | 271.64 | OK | |
r-release-macos-arm64 | 1.3.13 | 106.00 | OK | |||
r-release-macos-x86_64 | 1.3.13 | 135.00 | OK | |||
r-release-windows-x86_64 | 1.3.13 | 193.00 | 211.00 | 404.00 | OK | |
r-oldrel-macos-arm64 | 1.3.13 | 92.00 | OK | |||
r-oldrel-macos-x86_64 | 1.3.13 | 128.00 | OK | |||
r-oldrel-windows-ix86+x86_64 | 1.3.13 | 443.00 | 226.00 | 669.00 | OK |
Version: 1.3.13
Check: C++ specification
Result: NOTE
Specified C++11: please update to current default of C++17
Flavors: r-devel-linux-x86_64-debian-gcc, r-devel-linux-x86_64-fedora-gcc
Version: 1.3.13
Check: Rd cross-references
Result: NOTE
Undeclared package ‘fda.usc’ in Rd xrefs
Flavor: r-devel-linux-x86_64-fedora-clang