CRAN Package Check Results for Package dclone

Last updated on 2022-01-17 09:55:55 CET.

Flavor Version Tinstall Tcheck Ttotal Status Flags
r-devel-linux-x86_64-debian-clang 2.3-0 18.17 144.85 163.02 OK
r-devel-linux-x86_64-debian-gcc 2.3-0 10.07 108.51 118.58 OK
r-devel-linux-x86_64-fedora-clang 2.3-0 193.63 OK
r-devel-linux-x86_64-fedora-gcc 2.3-0 178.47 OK
r-devel-windows-x86_64-new-UL 2.3-0 50.00 172.00 222.00 NOTE
r-devel-windows-x86_64-new-TK 2.3-0 NOTE
r-patched-linux-x86_64 2.3-0 21.06 136.46 157.52 OK
r-release-linux-x86_64 2.3-0 OK
r-release-macos-arm64 2.3-0 NOTE
r-release-macos-x86_64 2.3-0 NOTE
r-release-windows-ix86+x86_64 2.3-0 34.00 158.00 192.00 OK
r-oldrel-macos-x86_64 2.3-0 NOTE
r-oldrel-windows-ix86+x86_64 2.3-0 35.00 161.00 196.00 OK

Check Details

Version: 2.3-0
Check: package dependencies
Result: NOTE
    Package suggested but not available for checking: 'BRugs'
Flavors: r-devel-windows-x86_64-new-UL, r-devel-windows-x86_64-new-TK, r-release-macos-arm64, r-release-macos-x86_64, r-oldrel-macos-x86_64