Last updated on 2024-04-27 10:50:58 CEST.
Flavor | Version | Tinstall | Tcheck | Ttotal | Status | Flags |
---|---|---|---|---|---|---|
r-devel-linux-x86_64-debian-clang | 1.2.0 | 17.76 | 241.59 | 259.35 | NOTE | |
r-devel-linux-x86_64-debian-gcc | 1.2.0 | 10.87 | 184.22 | 195.09 | NOTE | |
r-devel-linux-x86_64-fedora-clang | 1.2.0 | 321.98 | NOTE | |||
r-devel-linux-x86_64-fedora-gcc | 1.2.0 | 337.04 | NOTE | |||
r-devel-windows-x86_64 | 1.2.0 | 13.00 | 217.00 | 230.00 | NOTE | |
r-patched-linux-x86_64 | 1.2.0 | 17.11 | 240.91 | 258.02 | NOTE | |
r-release-linux-x86_64 | 1.2.0 | 12.94 | 223.68 | 236.62 | OK | |
r-release-macos-arm64 | 1.2.0 | 148.00 | NOTE | |||
r-release-windows-x86_64 | 1.2.0 | 11.00 | 215.00 | 226.00 | NOTE | |
r-oldrel-macos-arm64 | 1.2.0 | 89.00 | OK | |||
r-oldrel-macos-x86_64 | 1.2.0 | 315.00 | OK | |||
r-oldrel-windows-x86_64 | 1.2.0 | 16.00 | 245.00 | 261.00 | OK |
Version: 1.2.0
Check: Rd files
Result: NOTE
checkRd: (-1) dNMF.Rd:76: Lost braces; missing escapes or markup?
76 | The number of low-dimension (J < {N, M}, Default: 3)
| ^
checkRd: (-1) dNMF.Rd:103: Lost braces; missing escapes or markup?
103 | U : A matrix which has N-rows and J-columns (J < {N, M}).
| ^
checkRd: (-1) dNMF.Rd:104: Lost braces; missing escapes or markup?
104 | V : A matrix which has M-rows and J-columns (J < {N, M}).
| ^
checkRd: (-1) dPLS.Rd:53: Lost braces; missing escapes or markup?
53 | The number of low-dimension (J < {N, M}, Default: 3)
| ^
checkRd: (-1) dPLS.Rd:74: Lost braces; missing escapes or markup?
74 | U : A matrix which has N-rows and J-columns (J < {N, M}).
| ^
checkRd: (-1) dPLS.Rd:75: Lost braces; missing escapes or markup?
75 | V : A matrix which has M-rows and J-columns (J < {N, M}).
| ^
checkRd: (-1) dSVD.Rd:60: Lost braces; missing escapes or markup?
60 | The number of low-dimension (J < {N, M}, Default: 3)
| ^
checkRd: (-1) dSVD.Rd:81: Lost braces; missing escapes or markup?
81 | U : A matrix which has N-rows and J-columns (J < {N, M}).
| ^
checkRd: (-1) dSVD.Rd:82: Lost braces; missing escapes or markup?
82 | V : A matrix which has M-rows and J-columns (J < {N, M}).
| ^
Flavors: r-devel-linux-x86_64-debian-clang, r-devel-linux-x86_64-debian-gcc, r-devel-linux-x86_64-fedora-clang, r-devel-linux-x86_64-fedora-gcc, r-devel-windows-x86_64, r-patched-linux-x86_64, r-release-macos-arm64, r-release-windows-x86_64