CRAN Package Check Results for Package datr

Last updated on 2023-02-05 09:57:13 CET.

Flavor Version Tinstall Tcheck Ttotal Status Flags
r-devel-linux-x86_64-debian-clang 0.1.0 2.46 24.27 26.73 NOTE
r-devel-linux-x86_64-debian-gcc 0.1.0 1.90 19.21 21.11 NOTE
r-devel-linux-x86_64-fedora-clang 0.1.0 35.05 NOTE
r-devel-linux-x86_64-fedora-gcc 0.1.0 33.59 NOTE
r-devel-windows-x86_64 0.1.0 12.00 56.00 68.00 NOTE
r-patched-linux-x86_64 0.1.0 1.59 24.22 25.81 NOTE
r-release-linux-x86_64 0.1.0 1.69 24.68 26.37 NOTE
r-release-macos-arm64 0.1.0 17.00 NOTE
r-release-macos-x86_64 0.1.0 25.00 NOTE
r-release-windows-x86_64 0.1.0 11.00 55.00 66.00 NOTE
r-oldrel-macos-arm64 0.1.0 23.00 NOTE
r-oldrel-macos-x86_64 0.1.0 26.00 NOTE
r-oldrel-windows-ix86+x86_64 0.1.0 8.00 49.00 57.00 NOTE

Check Details

Version: 0.1.0
Check: LazyData
Result: NOTE
     'LazyData' is specified without a 'data' directory
Flavors: r-devel-linux-x86_64-debian-clang, r-devel-linux-x86_64-debian-gcc, r-devel-linux-x86_64-fedora-clang, r-devel-linux-x86_64-fedora-gcc, r-devel-windows-x86_64, r-patched-linux-x86_64, r-release-linux-x86_64, r-release-macos-arm64, r-release-macos-x86_64, r-release-windows-x86_64, r-oldrel-macos-arm64, r-oldrel-macos-x86_64, r-oldrel-windows-ix86+x86_64