CRAN Package Check Results for Package datacleanr

Last updated on 2022-09-28 09:54:16 CEST.

Flavor Version Tinstall Tcheck Ttotal Status Flags
r-devel-linux-x86_64-debian-clang 1.0.3 5.09 52.33 57.42 OK
r-devel-linux-x86_64-debian-gcc 1.0.3 5.05 40.92 45.97 OK
r-devel-linux-x86_64-fedora-clang 1.0.3 85.18 NOTE
r-devel-linux-x86_64-fedora-gcc 1.0.3 84.40 NOTE
r-devel-windows-x86_64 1.0.3 60.00 90.00 150.00 OK
r-patched-linux-x86_64 1.0.3 11.76 49.95 61.71 OK
r-release-linux-x86_64 1.0.3 5.97 49.43 55.40 OK
r-release-macos-arm64 1.0.3 24.00 NOTE
r-release-macos-x86_64 1.0.3 40.00 NOTE
r-release-windows-x86_64 1.0.3 84.00 81.00 165.00 OK
r-oldrel-macos-arm64 1.0.3 31.00 NOTE
r-oldrel-macos-x86_64 1.0.3 35.00 NOTE
r-oldrel-windows-ix86+x86_64 1.0.3 15.00 78.00 93.00 OK

Check Details

Version: 1.0.3
Check: dependencies in R code
Result: NOTE
    Namespace in Imports field not imported from: ‘htmltools’
     All declared Imports should be used.
Flavors: r-devel-linux-x86_64-fedora-clang, r-devel-linux-x86_64-fedora-gcc, r-release-macos-arm64, r-release-macos-x86_64, r-oldrel-macos-arm64, r-oldrel-macos-x86_64