Last updated on 2023-02-03 09:55:27 CET.
Flavor | Version | Tinstall | Tcheck | Ttotal | Status | Flags |
---|---|---|---|---|---|---|
r-devel-linux-x86_64-debian-clang | 4.0.0 | 23.41 | 233.55 | 256.96 | NOTE | |
r-devel-linux-x86_64-debian-gcc | 4.0.0 | 18.49 | 167.74 | 186.23 | NOTE | |
r-devel-linux-x86_64-fedora-clang | 4.0.0 | 314.62 | NOTE | |||
r-devel-linux-x86_64-fedora-gcc | 4.0.0 | 315.58 | NOTE | |||
r-devel-windows-x86_64 | 4.0.0 | 96.00 | 322.00 | 418.00 | NOTE | |
r-patched-linux-x86_64 | 4.0.0 | 32.26 | 212.41 | 244.67 | OK | |
r-release-linux-x86_64 | 4.0.0 | 22.38 | 209.73 | 232.11 | OK | |
r-release-macos-arm64 | 4.0.0 | 72.00 | NOTE | |||
r-release-macos-x86_64 | 4.0.0 | 131.00 | NOTE | |||
r-release-windows-x86_64 | 4.0.0 | 90.00 | 319.00 | 409.00 | OK | |
r-oldrel-macos-arm64 | 4.0.0 | 104.00 | NOTE | |||
r-oldrel-macos-x86_64 | 4.0.0 | 110.00 | NOTE | |||
r-oldrel-windows-ix86+x86_64 | 4.0.0 | 46.00 | 259.00 | 305.00 | OK |
Version: 4.0.0
Check: Rd files
Result: NOTE
checkRd: (-1) dspg.Rd:29: Escaped LaTeX specials: \^ \^
checkRd: (-1) dspgd2015.Rd:31: Escaped LaTeX specials: \^ \^
Flavors: r-devel-linux-x86_64-debian-clang, r-devel-linux-x86_64-debian-gcc, r-devel-linux-x86_64-fedora-clang, r-devel-linux-x86_64-fedora-gcc, r-devel-windows-x86_64
Version: 4.0.0
Check: data for non-ASCII characters
Result: NOTE
Note: found 4 marked Latin-1 strings
Note: found 21 marked UTF-8 strings
Flavors: r-devel-linux-x86_64-fedora-clang, r-devel-linux-x86_64-fedora-gcc, r-release-macos-arm64, r-release-macos-x86_64, r-oldrel-macos-arm64, r-oldrel-macos-x86_64