CRAN Package Check Results for Package d3Tree

Last updated on 2020-08-06 09:48:53 CEST.

Flavor Version Tinstall Tcheck Ttotal Status Flags
r-devel-linux-x86_64-debian-clang 0.2.0 4.53 36.06 40.59 OK
r-devel-linux-x86_64-debian-gcc 0.2.0 3.51 28.04 31.55 OK
r-devel-linux-x86_64-fedora-clang 0.2.0 55.93 NOTE
r-devel-linux-x86_64-fedora-gcc 0.2.0 46.17 NOTE
r-devel-windows-ix86+x86_64 0.2.0 15.00 67.00 82.00 OK
r-patched-linux-x86_64 0.2.0 4.31 35.21 39.52 OK
r-patched-solaris-x86 0.2.0 72.50 NOTE
r-release-linux-x86_64 0.2.0 4.56 35.23 39.79 OK
r-release-macos-x86_64 0.2.0 NOTE
r-release-windows-ix86+x86_64 0.2.0 17.00 45.00 62.00 OK
r-oldrel-macos-x86_64 0.2.0 NOTE
r-oldrel-windows-ix86+x86_64 0.2.0 10.00 40.00 50.00 OK

Check Details

Version: 0.2.0
Check: dependencies in R code
Result: NOTE
    Namespace in Imports field not imported from: ‘magrittr’
     All declared Imports should be used.
Flavors: r-devel-linux-x86_64-fedora-clang, r-devel-linux-x86_64-fedora-gcc, r-patched-solaris-x86, r-release-macos-x86_64, r-oldrel-macos-x86_64