Last updated on 2024-03-28 10:49:31 CET.
Flavor | Version | Tinstall | Tcheck | Ttotal | Status | Flags |
---|---|---|---|---|---|---|
r-devel-linux-x86_64-debian-clang | 1.1.1 | 69.51 | 68.39 | 137.90 | OK | |
r-devel-linux-x86_64-debian-gcc | 1.1.1 | 49.10 | 51.21 | 100.31 | OK | |
r-devel-linux-x86_64-fedora-clang | 1.1.1 | 221.20 | NOTE | |||
r-devel-linux-x86_64-fedora-gcc | 1.1.1 | 207.60 | NOTE | |||
r-devel-windows-x86_64 | 1.1.1 | 53.00 | 86.00 | 139.00 | OK | |
r-patched-linux-x86_64 | 1.1.1 | 59.89 | 64.96 | 124.85 | OK | |
r-release-linux-x86_64 | 1.1.1 | 64.91 | 63.70 | 128.61 | OK | |
r-release-macos-arm64 | 1.1.1 | 56.00 | OK | |||
r-release-macos-x86_64 | 1.1.1 | 90.00 | OK | |||
r-release-windows-x86_64 | 1.1.1 | 67.00 | 101.00 | 168.00 | OK | |
r-oldrel-macos-arm64 | 1.1.1 | 49.00 | OK | |||
r-oldrel-windows-x86_64 | 1.1.1 | 61.00 | 96.00 | 157.00 | OK |
Version: 1.1.1
Check: compiled code
Result: NOTE
File ‘cycleRtools/libs/cycleRtools.so’:
Found no calls to: ‘R_registerRoutines’, ‘R_useDynamicSymbols’
It is good practice to register native routines and to disable symbol
search.
See ‘Writing portable packages’ in the ‘Writing R Extensions’ manual.
Flavors: r-devel-linux-x86_64-fedora-clang, r-devel-linux-x86_64-fedora-gcc